Last updated on 2025-07-22 08:48:42 CEST.
Flavor | Version | Tinstall | Tcheck | Ttotal | Status | Flags |
---|---|---|---|---|---|---|
r-devel-linux-x86_64-debian-clang | 1.3.2 | 30.36 | 172.76 | 203.12 | OK | |
r-devel-linux-x86_64-debian-gcc | 1.3.2 | 19.28 | 126.22 | 145.50 | OK | |
r-devel-linux-x86_64-fedora-clang | 1.3.2 | 301.30 | NOTE | |||
r-devel-linux-x86_64-fedora-gcc | 1.3.2 | 303.50 | NOTE | |||
r-devel-windows-x86_64 | 1.3.2 | 32.00 | 185.00 | 217.00 | OK | |
r-patched-linux-x86_64 | 1.3.2 | 30.12 | 164.64 | 194.76 | OK | |
r-release-linux-x86_64 | 1.3.2 | 26.89 | 164.51 | 191.40 | OK | |
r-release-macos-arm64 | 1.3.2 | 91.00 | OK | |||
r-release-macos-x86_64 | 1.3.2 | 183.00 | OK | |||
r-release-windows-x86_64 | 1.3.2 | 32.00 | 188.00 | 220.00 | OK | |
r-oldrel-macos-arm64 | 1.3.2 | 95.00 | OK | |||
r-oldrel-macos-x86_64 | 1.3.2 | 227.00 | OK | |||
r-oldrel-windows-x86_64 | 1.3.2 | 43.00 | 237.00 | 280.00 | OK |
Version: 1.3.2
Check: dependencies in R code
Result: NOTE
Namespace in Imports field not imported from: ‘impute’
All declared Imports should be used.
Flavors: r-devel-linux-x86_64-fedora-clang, r-devel-linux-x86_64-fedora-gcc