Last updated on 2025-10-22 05:51:25 CEST.
Flavor | Version | Tinstall | Tcheck | Ttotal | Status | Flags |
---|---|---|---|---|---|---|
r-devel-linux-x86_64-debian-clang | 1.1.0 | 10.72 | 83.86 | 94.58 | NOTE | |
r-devel-linux-x86_64-debian-gcc | 1.1.0 | 6.97 | 58.25 | 65.22 | NOTE | |
r-devel-linux-x86_64-fedora-clang | 1.1.0 | 85.00 | 78.09 | 163.09 | NOTE | |
r-devel-linux-x86_64-fedora-gcc | 1.1.0 | 23.00 | 116.88 | 139.88 | NOTE | |
r-devel-windows-x86_64 | 1.1.0 | 13.00 | 90.00 | 103.00 | OK | |
r-patched-linux-x86_64 | 1.1.0 | 11.68 | 78.64 | 90.32 | OK | |
r-release-linux-x86_64 | 1.1.0 | 10.70 | 79.37 | 90.07 | OK | |
r-release-macos-arm64 | 1.1.0 | 5.00 | 36.00 | 41.00 | OK | |
r-release-macos-x86_64 | 1.1.0 | 10.00 | 63.00 | 73.00 | OK | |
r-release-windows-x86_64 | 1.1.0 | 15.00 | 92.00 | 107.00 | OK | |
r-oldrel-macos-arm64 | 1.1.0 | 5.00 | 35.00 | 40.00 | OK | |
r-oldrel-macos-x86_64 | 1.1.0 | 7.00 | 52.00 | 59.00 | OK | |
r-oldrel-windows-x86_64 | 1.1.0 | 17.00 | 116.00 | 133.00 | OK |
Version: 1.1.0
Check: CRAN incoming feasibility
Result: NOTE
Maintainer: ‘Wennan Chang <wnchang@iu.edu>’
The Description field contains
<arXiv:2005.11599>.
Please refer to arXiv e-prints via their arXiv DOI <doi:10.48550/arXiv.YYMM.NNNNN>.
Flavors: r-devel-linux-x86_64-debian-clang, r-devel-linux-x86_64-debian-gcc
Version: 1.1.0
Check: HTML version of manual
Result: NOTE
Found the following HTML validation problems:
CTLERob-methods.html:66:1 (CTLERob-methods.Rd:24): Warning: missing </ul> before </div>
blockMap.html:46:1 (blockMap.Rd:10): Warning: missing </ul> before </div>
compPlot.html:66:1 (compPlot.Rd:20): Warning: missing </ul> before </div>
orderedLines.html:54:1 (orderedLines.Rd:14): Warning: missing </ul> before </div>
plot_CTLE-methods.html:61:1 (plot_CTLE-methods.Rd:21): Warning: missing </ul> before </div>
plot_mixtureReg.html:72:1 (plot_mixtureReg.Rd:24): Warning: missing </ul> before </div>
plot_mixtureRegList.html:58:1 (plot_mixtureRegList.Rd:16): Warning: missing </ul> before </div>
Flavors: r-devel-linux-x86_64-debian-clang, r-devel-linux-x86_64-debian-gcc
Version: 1.1.0
Check: dependencies in R code
Result: NOTE
Namespace in Imports field not imported from: ‘glmnet’
All declared Imports should be used.
Flavors: r-devel-linux-x86_64-fedora-clang, r-devel-linux-x86_64-fedora-gcc