Last updated on 2025-10-24 04:51:07 CEST.
| Flavor | Version | Tinstall | Tcheck | Ttotal | Status | Flags |
|---|---|---|---|---|---|---|
| r-devel-linux-x86_64-debian-clang | 0.2.1 | 4.22 | 64.54 | 68.76 | NOTE | |
| r-devel-linux-x86_64-debian-gcc | 0.2.1 | 2.32 | 45.61 | 47.93 | OK | |
| r-devel-linux-x86_64-fedora-clang | 0.2.1 | 35.00 | 80.37 | 115.37 | OK | |
| r-devel-linux-x86_64-fedora-gcc | 0.2.1 | 116.26 | OK | |||
| r-devel-windows-x86_64 | 0.2.1 | 5.00 | 82.00 | 87.00 | OK | |
| r-patched-linux-x86_64 | 0.2.1 | 4.57 | 60.98 | 65.55 | OK | |
| r-release-linux-x86_64 | 0.2.1 | 3.51 | 61.23 | 64.74 | OK | |
| r-release-macos-arm64 | 0.2.1 | 2.00 | 47.00 | 49.00 | OK | |
| r-release-macos-x86_64 | 0.2.1 | 4.00 | 90.00 | 94.00 | OK | |
| r-release-windows-x86_64 | 0.2.1 | 5.00 | 82.00 | 87.00 | OK | |
| r-oldrel-macos-arm64 | 0.2.1 | 2.00 | 40.00 | 42.00 | OK | |
| r-oldrel-macos-x86_64 | 0.2.1 | 3.00 | 83.00 | 86.00 | OK | |
| r-oldrel-windows-x86_64 | 0.2.1 | 7.00 | 99.00 | 106.00 | OK |
Version: 0.2.1
Check: HTML version of manual
Result: NOTE
Found the following HTML validation problems:
h_get_erb.html:62:1 (h_get_erb.Rd:18): Warning: missing </ul> before </div>
h_interaction.html:50:1 (h_interaction.Rd:12): Warning: missing </ul> before </div>
Flavor: r-devel-linux-x86_64-debian-clang