Last updated on 2025-07-19 08:48:50 CEST.
Flavor | Version | Tinstall | Tcheck | Ttotal | Status | Flags |
---|---|---|---|---|---|---|
r-devel-linux-x86_64-debian-clang | 0.6.8 | 58.27 | 57.85 | 116.12 | OK | |
r-devel-linux-x86_64-debian-gcc | 0.6.8 | 56.14 | 44.21 | 100.35 | OK | |
r-devel-linux-x86_64-fedora-clang | 0.6.8 | 182.44 | OK | |||
r-devel-linux-x86_64-fedora-gcc | 0.6.8 | 218.33 | OK | |||
r-devel-windows-x86_64 | 0.6.8 | 62.00 | 126.00 | 188.00 | OK | |
r-patched-linux-x86_64 | 0.6.8 | 72.66 | 58.88 | 131.54 | OK | |
r-release-linux-x86_64 | 0.6.8 | 74.16 | 58.36 | 132.52 | OK | |
r-release-macos-arm64 | 0.6.8 | 65.00 | OK | |||
r-release-macos-x86_64 | 0.6.8 | 161.00 | OK | |||
r-release-windows-x86_64 | 0.6.8 | 64.00 | 112.00 | 176.00 | OK | |
r-oldrel-macos-arm64 | 0.6.8 | 65.00 | NOTE | |||
r-oldrel-macos-x86_64 | 0.6.8 | 150.00 | NOTE | |||
r-oldrel-windows-x86_64 | 0.6.8 | 77.00 | 131.00 | 208.00 | OK |
Version: 0.6.8
Check: installed package size
Result: NOTE
installed size is 38.8Mb
sub-directories of 1Mb or more:
libs 38.2Mb
Flavors: r-oldrel-macos-arm64, r-oldrel-macos-x86_64