Last updated on 2025-10-22 05:51:25 CEST.
Flavor | Version | Tinstall | Tcheck | Ttotal | Status | Flags |
---|---|---|---|---|---|---|
r-devel-linux-x86_64-debian-clang | 0.2.5 | 15.61 | 117.52 | 133.13 | NOTE | |
r-devel-linux-x86_64-debian-gcc | 0.2.5 | 10.61 | 81.15 | 91.76 | NOTE | |
r-devel-linux-x86_64-fedora-clang | 0.2.5 | 98.00 | 127.03 | 225.03 | OK | |
r-devel-linux-x86_64-fedora-gcc | 0.2.5 | 29.00 | 170.67 | 199.67 | OK | |
r-devel-windows-x86_64 | 0.2.5 | 15.00 | 107.00 | 122.00 | OK | |
r-patched-linux-x86_64 | 0.2.5 | 14.83 | 113.48 | 128.31 | OK | |
r-release-linux-x86_64 | 0.2.5 | 13.31 | 110.83 | 124.14 | OK | |
r-release-macos-arm64 | 0.2.5 | 7.00 | 53.00 | 60.00 | OK | |
r-release-macos-x86_64 | 0.2.5 | 27.00 | 124.00 | 151.00 | OK | |
r-release-windows-x86_64 | 0.2.5 | 15.00 | 107.00 | 122.00 | OK | |
r-oldrel-macos-arm64 | 0.2.5 | 7.00 | 44.00 | 51.00 | OK | |
r-oldrel-macos-x86_64 | 0.2.5 | 21.00 | 94.00 | 115.00 | OK | |
r-oldrel-windows-x86_64 | 0.2.5 | 20.00 | 141.00 | 161.00 | OK |
Version: 0.2.5
Check: CRAN incoming feasibility
Result: NOTE
Maintainer: ‘Zijian Guo <zijguo@stat.rutgers.edu>’
The Description field contains
variables via TSHT('Guo et al.' (2016) <arXiv:1603.05224>) and
SearchingSampling('Guo' (2021) <arXiv:2104.06911>), which are effective
<arXiv:1609.06713>).
Please refer to arXiv e-prints via their arXiv DOI <doi:10.48550/arXiv.YYMM.NNNNN>.
Flavors: r-devel-linux-x86_64-debian-clang, r-devel-linux-x86_64-debian-gcc