CRAN Package Check Results for Package Rosenbrock

Last updated on 2025-10-24 04:51:07 CEST.

Flavor Version Tinstall Tcheck Ttotal Status Flags
r-devel-linux-x86_64-debian-clang 0.1.0 1.53 20.51 22.04 NOTE
r-devel-linux-x86_64-debian-gcc 0.1.0 1.56 16.95 18.51 NOTE
r-devel-linux-x86_64-fedora-clang 0.1.0 11.00 23.68 34.68 OK
r-devel-linux-x86_64-fedora-gcc 0.1.0 31.60 OK
r-devel-windows-x86_64 0.1.0 4.00 38.00 42.00 OK
r-patched-linux-x86_64 0.1.0 1.77 19.44 21.21 OK
r-release-linux-x86_64 0.1.0 1.67 19.32 20.99 OK
r-release-macos-arm64 0.1.0 1.00 15.00 16.00 OK
r-release-macos-x86_64 0.1.0 2.00 23.00 25.00 OK
r-release-windows-x86_64 0.1.0 4.00 42.00 46.00 OK
r-oldrel-macos-arm64 0.1.0 1.00 14.00 15.00 NOTE
r-oldrel-macos-x86_64 0.1.0 1.00 21.00 22.00 NOTE
r-oldrel-windows-x86_64 0.1.0 3.00 45.00 48.00 NOTE

Check Details

Version: 0.1.0
Check: CRAN incoming feasibility
Result: NOTE Maintainer: ‘Martin Wiegand <Martin.Wiegand@mrc-bsu.cam.ac.uk>’ No Authors@R field in DESCRIPTION. Please add one, modifying Authors@R: person(given = "Martin", family = "Wiegand", role = c("aut", "cre"), email = "martin.wiegand@mrc-bsu.cam.ac.uk") as necessary. The Description field contains Wiegand and Nadarajah (2019) <arXiv:1903.09556>. Please refer to arXiv e-prints via their arXiv DOI <doi:10.48550/arXiv.YYMM.NNNNN>. Flavors: r-devel-linux-x86_64-debian-clang, r-devel-linux-x86_64-debian-gcc

Version: 0.1.0
Check: LazyData
Result: NOTE 'LazyData' is specified without a 'data' directory Flavors: r-oldrel-macos-arm64, r-oldrel-macos-x86_64, r-oldrel-windows-x86_64