Last updated on 2025-10-24 04:51:07 CEST.
| Flavor | Version | Tinstall | Tcheck | Ttotal | Status | Flags |
|---|---|---|---|---|---|---|
| r-devel-linux-x86_64-debian-clang | 1.0.7 | 2.80 | 27.11 | 29.91 | NOTE | |
| r-devel-linux-x86_64-debian-gcc | 1.0.7 | 2.20 | 21.80 | 24.00 | NOTE | |
| r-devel-linux-x86_64-fedora-clang | 1.0.7 | 18.00 | 27.56 | 45.56 | OK | |
| r-devel-linux-x86_64-fedora-gcc | 1.0.7 | 40.80 | OK | |||
| r-devel-windows-x86_64 | 1.0.7 | 4.00 | 44.00 | 48.00 | OK | |
| r-patched-linux-x86_64 | 1.0.7 | 2.71 | 24.97 | 27.68 | OK | |
| r-release-linux-x86_64 | 1.0.7 | 2.40 | 24.80 | 27.20 | OK | |
| r-release-macos-arm64 | 1.0.7 | 2.00 | 23.00 | 25.00 | OK | |
| r-release-macos-x86_64 | 1.0.7 | 3.00 | 34.00 | 37.00 | OK | |
| r-release-windows-x86_64 | 1.0.7 | 4.00 | 46.00 | 50.00 | OK | |
| r-oldrel-macos-arm64 | 1.0.7 | 1.00 | 24.00 | 25.00 | OK | |
| r-oldrel-macos-x86_64 | 1.0.7 | 2.00 | 27.00 | 29.00 | OK | |
| r-oldrel-windows-x86_64 | 1.0.7 | 7.00 | 52.00 | 59.00 | OK |
Version: 1.0.7
Check: CRAN incoming feasibility
Result: NOTE
Maintainer: ‘Brad Cable <brad@bcable.net>’
No Authors@R field in DESCRIPTION.
Please add one, modifying
Authors@R: person(given = "Brad",
family = "Cable",
role = c("aut", "cre"),
email = "brad@bcable.net")
as necessary.
Flavors: r-devel-linux-x86_64-debian-clang, r-devel-linux-x86_64-debian-gcc