Last updated on 2025-10-24 04:51:08 CEST.
| Flavor | Version | Tinstall | Tcheck | Ttotal | Status | Flags |
|---|---|---|---|---|---|---|
| r-devel-linux-x86_64-debian-clang | 1.0 | 1.65 | 19.21 | 20.86 | NOTE | |
| r-devel-linux-x86_64-debian-gcc | 1.0 | 1.40 | 16.21 | 17.61 | NOTE | |
| r-devel-linux-x86_64-fedora-clang | 1.0 | 12.00 | 18.89 | 30.89 | OK | |
| r-devel-linux-x86_64-fedora-gcc | 1.0 | 27.25 | OK | |||
| r-devel-windows-x86_64 | 1.0 | 3.00 | 36.00 | 39.00 | OK | |
| r-patched-linux-x86_64 | 1.0 | 1.60 | 17.42 | 19.02 | OK | |
| r-release-linux-x86_64 | 1.0 | 1.62 | 17.15 | 18.77 | OK | |
| r-release-macos-arm64 | 1.0 | 1.00 | 14.00 | 15.00 | OK | |
| r-release-macos-x86_64 | 1.0 | 1.00 | 20.00 | 21.00 | OK | |
| r-release-windows-x86_64 | 1.0 | 3.00 | 38.00 | 41.00 | OK | |
| r-oldrel-macos-arm64 | 1.0 | 1.00 | 13.00 | 14.00 | OK | |
| r-oldrel-macos-x86_64 | 1.0 | 1.00 | 18.00 | 19.00 | OK | |
| r-oldrel-windows-x86_64 | 1.0 | 3.00 | 36.00 | 39.00 | OK |
Version: 1.0
Check: CRAN incoming feasibility
Result: NOTE
Maintainer: ‘David Zarruk Valencia <davidzarruk@gmail.com>’
No Authors@R field in DESCRIPTION.
Please add one, modifying
Authors@R: c(person(given = c("David", "Zarruk", "Valencia", "&", "Rodrigo", "Azuero"),
family = "Melo",
role = "aut"),
person(given = c("David", "Zarruk"),
family = "Valencia",
role = "cre",
email = "davidzarruk@gmail.com"))
as necessary.
Flavors: r-devel-linux-x86_64-debian-clang, r-devel-linux-x86_64-debian-gcc