CRAN Package Check Results for Package SAMBA

Last updated on 2025-07-21 08:50:16 CEST.

Flavor Version Tinstall Tcheck Ttotal Status Flags
r-devel-linux-x86_64-debian-clang 0.9.0 2.43 69.64 72.07 NOTE
r-devel-linux-x86_64-debian-gcc 0.9.0 1.85 60.76 62.61 NOTE
r-devel-linux-x86_64-fedora-clang 0.9.0 106.13 OK
r-devel-linux-x86_64-fedora-gcc 0.9.0 118.49 OK
r-devel-windows-x86_64 0.9.0 3.00 107.00 110.00 OK
r-patched-linux-x86_64 0.9.0 2.58 66.82 69.40 OK
r-release-linux-x86_64 0.9.0 2.54 66.17 68.71 OK
r-release-macos-arm64 0.9.0 54.00 OK
r-release-macos-x86_64 0.9.0 85.00 OK
r-release-windows-x86_64 0.9.0 3.00 103.00 106.00 OK
r-oldrel-macos-arm64 0.9.0 53.00 OK
r-oldrel-macos-x86_64 0.9.0 79.00 OK
r-oldrel-windows-x86_64 0.9.0 4.00 117.00 121.00 OK

Check Details

Version: 0.9.0
Check: CRAN incoming feasibility
Result: NOTE Maintainer: ‘Alexander Rix <alexrix@umich.edu>’ Found the following URLs which should use \doi (with the DOI name only): File ‘approxdist.Rd’: https://doi.org/10.1101/2019.12.26.19015859 File ‘nonlogistic.Rd’: https://doi.org/10.1101/2019.12.26.19015859 File ‘obsloglik.Rd’: https://doi.org/10.1101/2019.12.26.19015859 File ‘obsloglikEM.Rd’: https://doi.org/10.1101/2019.12.26.19015859 File ‘sensitivity.Rd’: https://doi.org/10.1101/2019.12.26.19015859 Flavors: r-devel-linux-x86_64-debian-clang, r-devel-linux-x86_64-debian-gcc