CRAN Package Check Results for Package SARP.moodle

Last updated on 2025-10-22 05:51:26 CEST.

Flavor Version Tinstall Tcheck Ttotal Status Flags
r-devel-linux-x86_64-debian-clang 1.2.3 6.63 46.78 53.41 NOTE
r-devel-linux-x86_64-debian-gcc 1.2.3 4.64 33.04 37.68 NOTE
r-devel-linux-x86_64-fedora-clang 1.2.3 45.00 44.26 89.26 OK
r-devel-linux-x86_64-fedora-gcc 1.2.3 13.00 63.64 76.64 OK
r-devel-windows-x86_64 1.2.3 7.00 61.00 68.00 OK
r-patched-linux-x86_64 1.2.3 8.45 44.09 52.54 OK
r-release-linux-x86_64 1.2.3 6.17 44.17 50.34 OK
r-release-macos-arm64 1.2.3 3.00 21.00 24.00 OK
r-release-macos-x86_64 1.2.3 11.00 50.00 61.00 OK
r-release-windows-x86_64 1.2.3 8.00 64.00 72.00 OK
r-oldrel-macos-arm64 1.2.3 3.00 24.00 27.00 OK
r-oldrel-macos-x86_64 1.2.3 9.00 55.00 64.00 OK
r-oldrel-windows-x86_64 1.2.3 11.00 75.00 86.00 OK

Check Details

Version: 1.2.3
Check: HTML version of manual
Result: NOTE Found the following HTML validation problems: description.html:68:1 (description.Rd:27): Warning: missing </ul> before </div> Flavors: r-devel-linux-x86_64-debian-clang, r-devel-linux-x86_64-debian-gcc