Last updated on 2025-10-22 05:51:26 CEST.
Flavor | Version | Tinstall | Tcheck | Ttotal | Status | Flags |
---|---|---|---|---|---|---|
r-devel-linux-x86_64-debian-clang | 3.1.0 | 14.39 | 113.97 | 128.36 | NOTE | |
r-devel-linux-x86_64-debian-gcc | 3.1.0 | 9.83 | 78.89 | 88.72 | NOTE | |
r-devel-linux-x86_64-fedora-clang | 3.1.0 | 73.00 | 126.63 | 199.63 | OK | |
r-devel-linux-x86_64-fedora-gcc | 3.1.0 | 33.00 | 155.32 | 188.32 | OK | |
r-devel-windows-x86_64 | 3.1.0 | 14.00 | 130.00 | 144.00 | OK | --no-vignettes |
r-patched-linux-x86_64 | 3.1.0 | 13.92 | 103.53 | 117.45 | OK | |
r-release-linux-x86_64 | 3.1.0 | 12.80 | 103.86 | 116.66 | OK | |
r-release-macos-arm64 | 3.1.0 | 5.00 | 40.00 | 45.00 | OK | |
r-release-macos-x86_64 | 3.1.0 | 12.00 | 76.00 | 88.00 | OK | |
r-release-windows-x86_64 | 3.1.0 | 15.00 | 134.00 | 149.00 | OK | --no-vignettes |
r-oldrel-macos-arm64 | 3.1.0 | 6.00 | 47.00 | 53.00 | OK | |
r-oldrel-macos-x86_64 | 3.1.0 | 11.00 | 76.00 | 87.00 | OK | |
r-oldrel-windows-x86_64 | 3.1.0 | 20.00 | 131.00 | 151.00 | OK | --no-vignettes |
Version: 3.1.0
Check: HTML version of manual
Result: NOTE
Found the following HTML validation problems:
print.MultivariateFormula.html:52:1 (print.MultivariateFormula.Rd:12): Warning: missing </ul> before </div>
print.SCGLR.html:51:1 (print.SCGLR.Rd:12): Warning: missing </ul> before </div>
Flavors: r-devel-linux-x86_64-debian-clang, r-devel-linux-x86_64-debian-gcc