Last updated on 2025-10-24 04:51:09 CEST.
| Flavor | Version | Tinstall | Tcheck | Ttotal | Status | Flags |
|---|---|---|---|---|---|---|
| r-devel-linux-x86_64-debian-clang | 0.9-55 | 8.16 | 61.90 | 70.06 | NOTE | |
| r-devel-linux-x86_64-debian-gcc | 0.9-55 | 4.92 | 44.81 | 49.73 | NOTE | |
| r-devel-linux-x86_64-fedora-clang | 0.9-55 | 53.00 | 69.28 | 122.28 | OK | |
| r-devel-linux-x86_64-fedora-gcc | 0.9-55 | 20.00 | 101.82 | 121.82 | OK | |
| r-devel-windows-x86_64 | 0.9-55 | 10.00 | 73.00 | 83.00 | OK | |
| r-patched-linux-x86_64 | 0.9-55 | 8.46 | 59.36 | 67.82 | OK | |
| r-release-linux-x86_64 | 0.9-55 | 8.50 | 59.09 | 67.59 | OK | |
| r-release-macos-arm64 | 0.9-55 | 4.00 | 35.00 | 39.00 | OK | |
| r-release-macos-x86_64 | 0.9-55 | 7.00 | 64.00 | 71.00 | OK | |
| r-release-windows-x86_64 | 0.9-55 | 12.00 | 74.00 | 86.00 | OK | |
| r-oldrel-macos-arm64 | 0.9-55 | 3.00 | 36.00 | 39.00 | OK | |
| r-oldrel-macos-x86_64 | 0.9-55 | 7.00 | 52.00 | 59.00 | OK | |
| r-oldrel-windows-x86_64 | 0.9-55 | 14.00 | 89.00 | 103.00 | OK |
Version: 0.9-55
Check: CRAN incoming feasibility
Result: NOTE
Maintainer: ‘John R. Ortiz <jrortizt@unal.edu.co>’
Found the following URLs which should use \doi (with the DOI name only):
File ‘plot.Rd’:
https://doi.org/10.25573/data.13118426.v2
Flavors: r-devel-linux-x86_64-debian-clang, r-devel-linux-x86_64-debian-gcc