Last updated on 2024-05-19 04:55:54 CEST.
Flavor | Version | Tinstall | Tcheck | Ttotal | Status | Flags |
---|---|---|---|---|---|---|
r-devel-linux-x86_64-debian-clang | 0.7.22 | 12.97 | 89.24 | 102.21 | NOTE | |
r-devel-linux-x86_64-debian-gcc | 0.7.22 | 8.06 | 62.67 | 70.73 | NOTE | |
r-devel-linux-x86_64-fedora-clang | 0.7.22 | 120.19 | NOTE | |||
r-devel-linux-x86_64-fedora-gcc | 0.7.22 | 156.14 | NOTE | |||
r-devel-windows-x86_64 | 0.7.22 | 10.00 | 91.00 | 101.00 | NOTE | |
r-patched-linux-x86_64 | 0.7.22 | 9.39 | 82.45 | 91.84 | NOTE | |
r-release-linux-x86_64 | 0.7.22 | 7.57 | 82.05 | 89.62 | NOTE | |
r-release-macos-arm64 | 0.7.22 | 50.00 | NOTE | |||
r-release-windows-x86_64 | 0.7.22 | 11.00 | 91.00 | 102.00 | NOTE | |
r-oldrel-macos-arm64 | 0.7.22 | 48.00 | NOTE | |||
r-oldrel-macos-x86_64 | 0.7.22 | 76.00 | NOTE | |||
r-oldrel-windows-x86_64 | 0.7.22 | 12.00 | 103.00 | 115.00 | NOTE |
Version: 0.7.22
Check: package subdirectories
Result: NOTE
Problems with news in ‘NEWS.md’:
No news entries found.
Flavors: r-devel-linux-x86_64-debian-clang, r-devel-linux-x86_64-debian-gcc, r-devel-linux-x86_64-fedora-clang, r-devel-linux-x86_64-fedora-gcc, r-devel-windows-x86_64, r-patched-linux-x86_64, r-release-linux-x86_64, r-release-macos-arm64, r-release-windows-x86_64, r-oldrel-macos-arm64, r-oldrel-macos-x86_64, r-oldrel-windows-x86_64