Last updated on 2025-10-24 04:51:09 CEST.
| Flavor | Version | Tinstall | Tcheck | Ttotal | Status | Flags |
|---|---|---|---|---|---|---|
| r-devel-linux-x86_64-debian-clang | 0.7.22 | 6.37 | 73.32 | 79.69 | NOTE | |
| r-devel-linux-x86_64-debian-gcc | 0.7.22 | 5.75 | 51.51 | 57.26 | NOTE | |
| r-devel-linux-x86_64-fedora-clang | 0.7.22 | 52.00 | 86.06 | 138.06 | NOTE | |
| r-devel-linux-x86_64-fedora-gcc | 0.7.22 | 16.00 | 132.96 | 148.96 | NOTE | |
| r-devel-windows-x86_64 | 0.7.22 | 11.00 | 93.00 | 104.00 | NOTE | |
| r-patched-linux-x86_64 | 0.7.22 | 9.89 | 69.63 | 79.52 | NOTE | |
| r-release-linux-x86_64 | 0.7.22 | 7.88 | 70.29 | 78.17 | NOTE | |
| r-release-macos-arm64 | 0.7.22 | 4.00 | 42.00 | 46.00 | NOTE | |
| r-release-macos-x86_64 | 0.7.22 | 8.00 | 89.00 | 97.00 | NOTE | |
| r-release-windows-x86_64 | 0.7.22 | 10.00 | 93.00 | 103.00 | NOTE | |
| r-oldrel-macos-arm64 | 0.7.22 | 5.00 | 45.00 | 50.00 | NOTE | |
| r-oldrel-macos-x86_64 | 0.7.22 | 5.00 | 65.00 | 70.00 | NOTE | |
| r-oldrel-windows-x86_64 | 0.7.22 | 13.00 | 110.00 | 123.00 | NOTE |
Version: 0.7.22
Check: package subdirectories
Result: NOTE
Problems with news in ‘NEWS.md’:
No news entries found.
Flavors: r-devel-linux-x86_64-debian-clang, r-devel-linux-x86_64-debian-gcc, r-devel-linux-x86_64-fedora-clang, r-devel-linux-x86_64-fedora-gcc, r-devel-windows-x86_64, r-patched-linux-x86_64, r-release-linux-x86_64, r-release-macos-arm64, r-release-macos-x86_64, r-release-windows-x86_64, r-oldrel-macos-arm64, r-oldrel-macos-x86_64, r-oldrel-windows-x86_64