CRAN Package Check Results for Package SIDES

Last updated on 2025-10-22 05:51:27 CEST.

Flavor Version Tinstall Tcheck Ttotal Status Flags
r-devel-linux-x86_64-debian-clang 1.18 8.18 73.35 81.53 NOTE
r-devel-linux-x86_64-debian-gcc 1.18 6.82 51.76 58.58 NOTE
r-devel-linux-x86_64-fedora-clang 1.18 56.00 84.09 140.09 OK
r-devel-linux-x86_64-fedora-gcc 1.18 22.00 99.78 121.78 OK
r-devel-windows-x86_64 1.18 10.00 74.00 84.00 OK
r-patched-linux-x86_64 1.18 9.51 69.76 79.27 OK
r-release-linux-x86_64 1.18 8.95 69.19 78.14 OK
r-release-macos-arm64 1.18 4.00 36.00 40.00 OK
r-release-macos-x86_64 1.18 9.00 68.00 77.00 OK
r-release-windows-x86_64 1.18 10.00 76.00 86.00 OK
r-oldrel-macos-arm64 1.18 4.00 28.00 32.00 OK
r-oldrel-macos-x86_64 1.18 6.00 49.00 55.00 OK
r-oldrel-windows-x86_64 1.18 14.00 96.00 110.00 OK

Check Details

Version: 1.18
Check: CRAN incoming feasibility
Result: NOTE Maintainer: ‘Marie-Karelle Riviere <eldamjh@gmail.com>’ No Authors@R field in DESCRIPTION. Please add one, modifying Authors@R: person(given = "Marie-Karelle", family = "Riviere", role = c("aut", "cre"), email = "eldamjh@gmail.com") as necessary. Flavors: r-devel-linux-x86_64-debian-clang, r-devel-linux-x86_64-debian-gcc