Last updated on 2025-07-22 08:48:44 CEST.
Flavor | Version | Tinstall | Tcheck | Ttotal | Status | Flags |
---|---|---|---|---|---|---|
r-devel-linux-x86_64-debian-clang | 1.1.1 | 12.11 | 28.32 | 40.43 | NOTE | |
r-devel-linux-x86_64-debian-gcc | 1.1.1 | 9.04 | 22.15 | 31.19 | NOTE | |
r-devel-linux-x86_64-fedora-clang | 1.1.1 | 66.44 | OK | |||
r-devel-linux-x86_64-fedora-gcc | 1.1.1 | 63.11 | OK | |||
r-devel-windows-x86_64 | 1.1.1 | 14.00 | 60.00 | 74.00 | OK | |
r-patched-linux-x86_64 | 1.1.1 | 11.95 | 27.79 | 39.74 | OK | |
r-release-linux-x86_64 | 1.1.1 | 12.03 | 27.11 | 39.14 | OK | |
r-release-macos-arm64 | 1.1.1 | 28.00 | OK | |||
r-release-macos-x86_64 | 1.1.1 | 40.00 | OK | |||
r-release-windows-x86_64 | 1.1.1 | 15.00 | 70.00 | 85.00 | OK | |
r-oldrel-macos-arm64 | 1.1.1 | 24.00 | OK | |||
r-oldrel-macos-x86_64 | 1.1.1 | 35.00 | OK | |||
r-oldrel-windows-x86_64 | 1.1.1 | 18.00 | 114.00 | 132.00 | OK |
Version: 1.1.1
Check: CRAN incoming feasibility
Result: NOTE
Maintainer: ‘F Scott Dahlgren <fdahlgr@gmail.com>’
No Authors@R field in DESCRIPTION.
Please add one, modifying
Authors@R: c(person(given = c("F", "Scott"),
family = "Dahlgren",
role = c("aut", "cre"),
email = "fdahlgr@gmail.com"),
person(given = c("Ivo", "M"),
family = "Foppa",
role = "aut"))
as necessary.
Flavors: r-devel-linux-x86_64-debian-clang, r-devel-linux-x86_64-debian-gcc