Last updated on 2025-10-24 04:51:10 CEST.
| Flavor | Version | Tinstall | Tcheck | Ttotal | Status | Flags |
|---|---|---|---|---|---|---|
| r-devel-linux-x86_64-debian-clang | 1.2.0 | 5.34 | 63.42 | 68.76 | NOTE | |
| r-devel-linux-x86_64-debian-gcc | 1.2.0 | 3.51 | 47.33 | 50.84 | NOTE | |
| r-devel-linux-x86_64-fedora-clang | 1.2.0 | 16.00 | 97.12 | 113.12 | OK | |
| r-devel-linux-x86_64-fedora-gcc | 1.2.0 | 12.00 | 109.25 | 121.25 | OK | |
| r-devel-windows-x86_64 | 1.2.0 | 7.00 | 75.00 | 82.00 | OK | |
| r-patched-linux-x86_64 | 1.2.0 | 4.94 | 58.45 | 63.39 | OK | |
| r-release-linux-x86_64 | 1.2.0 | 5.10 | 58.39 | 63.49 | OK | |
| r-release-macos-arm64 | 1.2.0 | 2.00 | 38.00 | 40.00 | OK | |
| r-release-macos-x86_64 | 1.2.0 | 5.00 | 69.00 | 74.00 | OK | |
| r-release-windows-x86_64 | 1.2.0 | 8.00 | 78.00 | 86.00 | OK | |
| r-oldrel-macos-arm64 | 1.2.0 | 3.00 | 41.00 | 44.00 | OK | |
| r-oldrel-macos-x86_64 | 1.2.0 | 4.00 | 59.00 | 63.00 | OK | |
| r-oldrel-windows-x86_64 | 1.2.0 | 10.00 | 91.00 | 101.00 | OK |
Version: 1.2.0
Check: HTML version of manual
Result: NOTE
Found the following HTML validation problems:
most_recent_changes.html:47:1 (most_recent_changes.Rd:11): Warning: missing </ul> before </div>
Flavor: r-devel-linux-x86_64-debian-clang
Version: 1.2.0
Check: Rd files
Result: NOTE
checkRd: (-1) map_old_to_new_state.Rd:46-48: Only 6 columns allowed in this table (row 1 has 4)
checkRd: (-1) map_old_to_new_state.Rd:46-48: Only 6 columns allowed in this table (row 2 has 4)
checkRd: (-1) map_old_to_new_state.Rd:46-48: Only 6 columns allowed in this table (row 3 has 4)
checkRd: (-1) mutation_count.Rd:53-55: Only 6 columns allowed in this table (row 1 has 4)
checkRd: (-1) mutation_count.Rd:53-55: Only 6 columns allowed in this table (row 2 has 4)
checkRd: (-1) mutation_count.Rd:53-55: Only 6 columns allowed in this table (row 3 has 4)
checkRd: (-1) territorial_mutation_count.Rd:43-45: Only 6 columns allowed in this table (row 1 has 4)
checkRd: (-1) territorial_mutation_count.Rd:43-45: Only 6 columns allowed in this table (row 2 has 4)
checkRd: (-1) territorial_mutation_count.Rd:43-45: Only 6 columns allowed in this table (row 3 has 4)
Flavor: r-devel-linux-x86_64-debian-gcc