CRAN Package Check Results for Package STraTUS

Last updated on 2025-10-22 05:51:28 CEST.

Flavor Version Tinstall Tcheck Ttotal Status Flags
r-devel-linux-x86_64-debian-clang 1.1.2 14.36 122.03 136.39 NOTE
r-devel-linux-x86_64-debian-gcc 1.1.2 10.03 84.46 94.49 NOTE
r-devel-linux-x86_64-fedora-clang 1.1.2 50.00 174.30 224.30 NOTE
r-devel-linux-x86_64-fedora-gcc 1.1.2 123.00 94.01 217.01 NOTE
r-devel-windows-x86_64 1.1.2 14.00 111.00 125.00 NOTE
r-patched-linux-x86_64 1.1.2 13.27 111.36 124.63 NOTE
r-release-linux-x86_64 1.1.2 13.30 111.77 125.07 NOTE
r-release-macos-arm64 1.1.2 5.00 43.00 48.00 NOTE
r-release-macos-x86_64 1.1.2 10.00 79.00 89.00 NOTE
r-release-windows-x86_64 1.1.2 15.00 113.00 128.00 NOTE
r-oldrel-macos-arm64 1.1.2 6.00 42.00 48.00 NOTE
r-oldrel-macos-x86_64 1.1.2 11.00 73.00 84.00 NOTE
r-oldrel-windows-x86_64 1.1.2 19.00 145.00 164.00 NOTE

Check Details

Version: 1.1.2
Check: Rd files
Result: NOTE checkRd: (-1) sample.partial.tt.Rd:41: Lost braces in \itemize; \value handles \item{}{} directly checkRd: (-1) sample.partial.tt.Rd:42: Lost braces in \itemize; \value handles \item{}{} directly checkRd: (-1) sample.partial.tt.Rd:43: Lost braces in \itemize; \value handles \item{}{} directly checkRd: (-1) sample.partial.tt.Rd:44: Lost braces in \itemize; \value handles \item{}{} directly checkRd: (-1) sample.partial.tt.Rd:45: Lost braces in \itemize; \value handles \item{}{} directly checkRd: (-1) sample.tt.Rd:32: Lost braces in \itemize; \value handles \item{}{} directly checkRd: (-1) sample.tt.Rd:33: Lost braces in \itemize; \value handles \item{}{} directly checkRd: (-1) sample.tt.Rd:34: Lost braces in \itemize; \value handles \item{}{} directly checkRd: (-1) sample.tt.Rd:35: Lost braces in \itemize; \value handles \item{}{} directly checkRd: (-1) sample.tt.Rd:36: Lost braces in \itemize; \value handles \item{}{} directly checkRd: (-1) tt.generator.Rd:38: Lost braces in \itemize; \value handles \item{}{} directly checkRd: (-1) tt.generator.Rd:39: Lost braces in \itemize; \value handles \item{}{} directly checkRd: (-1) tt.generator.Rd:40: Lost braces in \itemize; \value handles \item{}{} directly checkRd: (-1) tt.generator.Rd:41: Lost braces in \itemize; \value handles \item{}{} directly checkRd: (-1) tt.generator.Rd:42: Lost braces in \itemize; \value handles \item{}{} directly checkRd: (-1) tt.generator.Rd:43-57: Lost braces in \itemize; \value handles \item{}{} directly checkRd: (-1) tt.generator.Rd:45: Lost braces in \itemize; \value handles \item{}{} directly checkRd: (-1) tt.generator.Rd:46: Lost braces in \itemize; \value handles \item{}{} directly checkRd: (-1) tt.generator.Rd:47: Lost braces in \itemize; \value handles \item{}{} directly checkRd: (-1) tt.generator.Rd:51: Lost braces in \itemize; \value handles \item{}{} directly checkRd: (-1) tt.generator.Rd:52: Lost braces in \itemize; \value handles \item{}{} directly checkRd: (-1) tt.generator.Rd:53: Lost braces in \itemize; \value handles \item{}{} directly checkRd: (-1) tt.generator.Rd:54: Lost braces in \itemize; \value handles \item{}{} directly checkRd: (-1) tt.generator.Rd:55: Lost braces in \itemize; \value handles \item{}{} directly Flavors: r-devel-linux-x86_64-debian-clang, r-devel-linux-x86_64-debian-gcc, r-devel-linux-x86_64-fedora-clang, r-devel-linux-x86_64-fedora-gcc, r-devel-windows-x86_64, r-patched-linux-x86_64, r-release-linux-x86_64, r-release-macos-arm64, r-release-macos-x86_64, r-release-windows-x86_64, r-oldrel-macos-arm64, r-oldrel-macos-x86_64, r-oldrel-windows-x86_64