Last updated on 2025-10-22 05:51:28 CEST.
| Flavor | Version | Tinstall | Tcheck | Ttotal | Status | Flags |
|---|---|---|---|---|---|---|
| r-devel-linux-x86_64-debian-clang | 2.0.0 | 47.33 | 385.51 | 432.84 | NOTE | |
| r-devel-linux-x86_64-debian-gcc | 2.0.0 | 28.40 | 246.02 | 274.42 | NOTE | |
| r-devel-linux-x86_64-fedora-clang | 2.0.0 | 109.00 | 591.08 | 700.08 | OK | |
| r-devel-linux-x86_64-fedora-gcc | 2.0.0 | 104.00 | 581.08 | 685.08 | OK | |
| r-devel-windows-x86_64 | 2.0.0 | 44.00 | 300.00 | 344.00 | OK | |
| r-patched-linux-x86_64 | 2.0.0 | 48.98 | 365.89 | 414.87 | OK | |
| r-release-linux-x86_64 | 2.0.0 | 44.78 | 367.44 | 412.22 | OK | |
| r-release-macos-arm64 | 2.0.0 | 14.00 | 114.00 | 128.00 | OK | |
| r-release-macos-x86_64 | 2.0.0 | 38.00 | 296.00 | 334.00 | OK | |
| r-release-windows-x86_64 | 2.0.0 | 47.00 | 303.00 | 350.00 | OK | |
| r-oldrel-macos-arm64 | 2.0.0 | 17.00 | 137.00 | 154.00 | NOTE | |
| r-oldrel-macos-x86_64 | 2.0.0 | 39.00 | 191.00 | 230.00 | NOTE | |
| r-oldrel-windows-x86_64 | 2.0.0 | 65.00 | 430.00 | 495.00 | NOTE |
Version: 2.0.0
Check: HTML version of manual
Result: NOTE
Found the following HTML validation problems:
aggPixelPreds.html:85:1 (aggPixelPreds.Rd:34): Warning: missing </ul> before </div>
iid.new.html:53:1 (iid.new.Rd:15): Warning: missing </ul> before </div>
iid.new.pc.html:53:1 (iid.new.pc.Rd:15): Warning: missing </ul> before </div>
rw.new.html:53:1 (rw.new.Rd:15): Warning: missing </ul> before </div>
rw.new.pc.html:53:1 (rw.new.pc.Rd:15): Warning: missing </ul> before </div>
st.new.html:53:1 (st.new.Rd:15): Warning: missing </ul> before </div>
st.new.pc.html:53:1 (st.new.pc.Rd:15): Warning: missing </ul> before </div>
Flavors: r-devel-linux-x86_64-debian-clang, r-devel-linux-x86_64-debian-gcc
Version: 2.0.0
Check: package dependencies
Result: NOTE
Package suggested but not available for checking: ‘INLA’
Flavors: r-oldrel-macos-arm64, r-oldrel-macos-x86_64
Version: 2.0.0
Check: installed package size
Result: NOTE
installed size is 6.7Mb
sub-directories of 1Mb or more:
data 2.0Mb
doc 3.1Mb
help 1.0Mb
Flavors: r-oldrel-macos-arm64, r-oldrel-macos-x86_64, r-oldrel-windows-x86_64