CRAN Package Check Results for Package SWTools

Last updated on 2025-10-22 05:51:29 CEST.

Flavor Version Tinstall Tcheck Ttotal Status Flags
r-devel-linux-x86_64-debian-clang 1.1.0 4.56 39.48 44.04 OK
r-devel-linux-x86_64-debian-gcc 1.1.0 2.49 29.89 32.38 OK
r-devel-linux-x86_64-fedora-clang 1.1.0 11.00 52.68 63.68 NOTE
r-devel-linux-x86_64-fedora-gcc 1.1.0 10.00 51.17 61.17 NOTE
r-devel-windows-x86_64 1.1.0 7.00 62.00 69.00 OK
r-patched-linux-x86_64 1.1.0 3.89 36.01 39.90 OK
r-release-linux-x86_64 1.1.0 4.51 36.29 40.80 OK
r-release-macos-arm64 1.1.0 2.00 23.00 25.00 OK
r-release-macos-x86_64 1.1.0 3.00 33.00 36.00 OK
r-release-windows-x86_64 1.1.0 8.00 66.00 74.00 OK
r-oldrel-macos-arm64 1.1.0 2.00 18.00 20.00 OK
r-oldrel-macos-x86_64 1.1.0 3.00 28.00 31.00 OK
r-oldrel-windows-x86_64 1.1.0 9.00 72.00 81.00 OK

Check Details

Version: 1.1.0
Check: dependencies in R code
Result: NOTE Namespace in Imports field not imported from: ‘prettymapr’ All declared Imports should be used. Flavors: r-devel-linux-x86_64-fedora-clang, r-devel-linux-x86_64-fedora-gcc