CRAN Package Check Results for Package ScoreEB

Last updated on 2025-07-20 11:50:13 CEST.

Flavor Version Tinstall Tcheck Ttotal Status Flags
r-devel-linux-x86_64-debian-clang 0.1.1 2.65 23.18 25.83 NOTE
r-devel-linux-x86_64-debian-gcc 0.1.1 2.00 19.27 21.27 NOTE
r-devel-linux-x86_64-fedora-clang 0.1.1 39.44 OK
r-devel-linux-x86_64-fedora-gcc 0.1.1 36.79 OK
r-devel-windows-x86_64 0.1.1 4.00 43.00 47.00 OK
r-patched-linux-x86_64 0.1.1 2.61 21.95 24.56 OK
r-release-linux-x86_64 0.1.1 2.61 21.88 24.49 OK
r-release-macos-arm64 0.1.1 25.00 OK
r-release-macos-x86_64 0.1.1 27.00 OK
r-release-windows-x86_64 0.1.1 4.00 44.00 48.00 OK
r-oldrel-macos-arm64 0.1.1 16.00 OK
r-oldrel-macos-x86_64 0.1.1 29.00 OK
r-oldrel-windows-x86_64 0.1.1 4.00 48.00 52.00 OK

Check Details

Version: 0.1.1
Check: CRAN incoming feasibility
Result: NOTE Maintainer: ‘Wenlong Ren <wenlongren@ntu.edu.cn>’ No Authors@R field in DESCRIPTION. Please add one, modifying Authors@R: person(given = "Wenlong", family = "Ren", role = c("aut", "cre"), email = "wenlongren@ntu.edu.cn") as necessary. Flavors: r-devel-linux-x86_64-debian-clang, r-devel-linux-x86_64-debian-gcc