Last updated on 2025-10-22 05:51:26 CEST.
Flavor | Version | Tinstall | Tcheck | Ttotal | Status | Flags |
---|---|---|---|---|---|---|
r-devel-linux-x86_64-debian-clang | 0.1.3 | 8.67 | 122.78 | 131.45 | NOTE | |
r-devel-linux-x86_64-debian-gcc | 0.1.3 | 6.45 | 88.12 | 94.57 | NOTE | |
r-devel-linux-x86_64-fedora-clang | 0.1.3 | 20.00 | 188.27 | 208.27 | OK | |
r-devel-linux-x86_64-fedora-gcc | 0.1.3 | 20.00 | 153.76 | 173.76 | OK | |
r-devel-windows-x86_64 | 0.1.3 | 10.00 | 273.00 | 283.00 | OK | |
r-patched-linux-x86_64 | 0.1.3 | 9.56 | 178.24 | 187.80 | OK | |
r-release-linux-x86_64 | 0.1.3 | 7.71 | 180.80 | 188.51 | OK | |
r-release-macos-arm64 | 0.1.3 | 4.00 | 55.00 | 59.00 | OK | |
r-release-macos-x86_64 | 0.1.3 | 7.00 | 85.00 | 92.00 | OK | |
r-release-windows-x86_64 | 0.1.3 | 9.00 | 149.00 | 158.00 | OK | |
r-oldrel-macos-arm64 | 0.1.3 | 5.00 | 56.00 | 61.00 | OK | |
r-oldrel-macos-x86_64 | 0.1.3 | 11.00 | 139.00 | 150.00 | OK | |
r-oldrel-windows-x86_64 | 0.1.3 | 12.00 | 313.00 | 325.00 | OK |
Version: 0.1.3
Check: HTML version of manual
Result: NOTE
Found the following HTML validation problems:
CompC.html:73:1 (CompC.Rd:25): Warning: missing </ul> before </div>
Distance.html:50:1 (Distance.Rd:12): Warning: missing </ul> before </div>
Longfun.html:58:1 (Longfun.Rd:16): Warning: missing </ul> before </div>
SearchIndicate.html:50:1 (SearchIndicate.Rd:12): Warning: missing </ul> before </div>
genData.html:46:1 (genData.Rd:10): Warning: missing </ul> before </div>
Flavors: r-devel-linux-x86_64-debian-clang, r-devel-linux-x86_64-debian-gcc