Last updated on 2025-07-21 08:50:16 CEST.
Flavor | Version | Tinstall | Tcheck | Ttotal | Status | Flags |
---|---|---|---|---|---|---|
r-devel-linux-x86_64-debian-clang | 5.1.0 | 46.75 | 206.55 | 253.30 | OK | |
r-devel-linux-x86_64-debian-gcc | 5.1.0 | 32.70 | 136.97 | 169.67 | OK | |
r-devel-linux-x86_64-fedora-clang | 5.1.0 | 401.00 | OK | |||
r-devel-linux-x86_64-fedora-gcc | 5.1.0 | 386.75 | OK | |||
r-devel-windows-x86_64 | 5.1.0 | 51.00 | 253.00 | 304.00 | OK | |
r-patched-linux-x86_64 | 5.1.0 | 53.15 | 196.11 | 249.26 | OK | |
r-release-linux-x86_64 | 5.1.0 | 45.44 | 191.98 | 237.42 | OK | |
r-release-macos-arm64 | 5.1.0 | 99.00 | OK | |||
r-release-macos-x86_64 | 5.1.0 | 186.00 | OK | |||
r-release-windows-x86_64 | 5.1.0 | 49.00 | 248.00 | 297.00 | OK | |
r-oldrel-macos-arm64 | 5.1.0 | 96.00 | NOTE | |||
r-oldrel-macos-x86_64 | 5.1.0 | 207.00 | NOTE | |||
r-oldrel-windows-x86_64 | 5.1.0 | 72.00 | 325.00 | 397.00 | NOTE |
Version: 5.1.0
Check: package dependencies
Result: NOTE
Package suggested but not available for checking: ‘BPCells’
Flavors: r-oldrel-macos-arm64, r-oldrel-macos-x86_64, r-oldrel-windows-x86_64