Last updated on 2025-07-21 08:50:17 CEST.
Flavor | Version | Tinstall | Tcheck | Ttotal | Status | Flags |
---|---|---|---|---|---|---|
r-devel-linux-x86_64-debian-clang | 1.5.5 | 27.40 | 187.45 | 214.85 | OK | |
r-devel-linux-x86_64-debian-gcc | 1.5.5 | 18.94 | 133.76 | 152.70 | OK | |
r-devel-linux-x86_64-fedora-clang | 1.5.5 | 347.81 | OK | |||
r-devel-linux-x86_64-fedora-gcc | 1.5.5 | 313.63 | OK | |||
r-devel-windows-x86_64 | 1.5.5 | 27.00 | 189.00 | 216.00 | OK | |
r-patched-linux-x86_64 | 1.5.5 | 27.24 | 175.77 | 203.01 | OK | |
r-release-linux-x86_64 | 1.5.5 | 23.63 | 175.76 | 199.39 | OK | |
r-release-macos-arm64 | 1.5.5 | 80.00 | OK | |||
r-release-macos-x86_64 | 1.5.5 | 184.00 | OK | |||
r-release-windows-x86_64 | 1.5.5 | 26.00 | 194.00 | 220.00 | OK | |
r-oldrel-macos-arm64 | 1.5.5 | 86.00 | OK | |||
r-oldrel-macos-x86_64 | 1.5.5 | 189.00 | NOTE | |||
r-oldrel-windows-x86_64 | 1.5.5 | 36.00 | 250.00 | 286.00 | OK |
Version: 1.5.5
Check: installed package size
Result: NOTE
installed size is 5.1Mb
sub-directories of 1Mb or more:
ShinyItemAnalysis 2.3Mb
data 2.0Mb
Flavor: r-oldrel-macos-x86_64