Last updated on 2025-10-22 05:51:27 CEST.
Flavor | Version | Tinstall | Tcheck | Ttotal | Status | Flags |
---|---|---|---|---|---|---|
r-devel-linux-x86_64-debian-clang | 2.1.8 | 58.27 | 455.98 | 514.25 | NOTE | |
r-devel-linux-x86_64-debian-gcc | 2.1.8 | 35.69 | 296.74 | 332.43 | NOTE | |
r-devel-linux-x86_64-fedora-clang | 2.1.8 | 290.00 | 525.98 | 815.98 | OK | |
r-devel-linux-x86_64-fedora-gcc | 2.1.8 | 127.00 | 666.25 | 793.25 | OK | |
r-devel-windows-x86_64 | 2.1.8 | 59.00 | 387.00 | 446.00 | OK | |
r-patched-linux-x86_64 | 2.1.8 | 60.06 | 427.43 | 487.49 | OK | |
r-release-linux-x86_64 | 2.1.8 | 59.30 | 426.34 | 485.64 | OK | |
r-release-macos-arm64 | 2.1.8 | 25.00 | 191.00 | 216.00 | OK | |
r-release-macos-x86_64 | 2.1.8 | 53.00 | 388.00 | 441.00 | OK | |
r-release-windows-x86_64 | 2.1.8 | 61.00 | 524.00 | 585.00 | OK | |
r-oldrel-macos-arm64 | 2.1.8 | 26.00 | 185.00 | 211.00 | NOTE | |
r-oldrel-macos-x86_64 | 2.1.8 | 79.00 | 402.00 | 481.00 | NOTE | |
r-oldrel-windows-x86_64 | 2.1.8 | 88.00 | 555.00 | 643.00 | NOTE |
Version: 2.1.8
Check: HTML version of manual
Result: NOTE
Found the following HTML validation problems:
FilterRecursive.html:50:1 (FilterRecursive.Rd:12): Warning: missing </ul> before </div>
deprecated.html:88:1 (deprecated.Rd:43): Warning: missing </ul> before </div>
fillInputRows.html:50:1 (fillInputRows.Rd:12): Warning: missing </ul> before </div>
fillOutputRows.html:50:1 (fillOutputRows.Rd:12): Warning: missing </ul> before </div>
findSimList.html:47:1 (findSimList.Rd:11): Warning: missing </ul> before </div>
getOption.html:52:1 (getOption.Rd:14): Warning: missing </ul> before </div>
initialize-method.html:58:1 (initialize-method.Rd:15): Warning: missing </ul> before </div>
keepAttrs.html:50:1 (keepAttrs.Rd:12): Warning: missing </ul> before </div>
savedSimEnv.html:48:1 (savedSimEnv.Rd:11): Warning: missing </ul> before </div>
Flavors: r-devel-linux-x86_64-debian-clang, r-devel-linux-x86_64-debian-gcc
Version: 2.1.8
Check: package dependencies
Result: NOTE
Package suggested but not available for checking: ‘NLMR’
Flavors: r-oldrel-macos-arm64, r-oldrel-macos-x86_64, r-oldrel-windows-x86_64
Version: 2.1.8
Check: installed package size
Result: NOTE
installed size is 7.6Mb
sub-directories of 1Mb or more:
R 5.9Mb
Flavors: r-oldrel-macos-arm64, r-oldrel-macos-x86_64, r-oldrel-windows-x86_64