Last updated on 2025-10-22 05:51:28 CEST.
Flavor | Version | Tinstall | Tcheck | Ttotal | Status | Flags |
---|---|---|---|---|---|---|
r-devel-linux-x86_64-debian-clang | 2.0.9 | 38.45 | 472.74 | 511.19 | NOTE | |
r-devel-linux-x86_64-debian-gcc | 2.0.9 | 25.69 | 304.23 | 329.92 | NOTE | |
r-devel-linux-x86_64-fedora-clang | 2.0.9 | 205.00 | 597.42 | 802.42 | OK | |
r-devel-linux-x86_64-fedora-gcc | 2.0.9 | 88.00 | 657.43 | 745.43 | OK | |
r-devel-windows-x86_64 | 2.0.9 | 41.00 | 384.00 | 425.00 | OK | |
r-patched-linux-x86_64 | 2.0.9 | 35.27 | 431.90 | 467.17 | OK | |
r-release-linux-x86_64 | 2.0.9 | 41.03 | 431.24 | 472.27 | OK | |
r-release-macos-arm64 | 2.0.9 | 16.00 | 171.00 | 187.00 | OK | |
r-release-macos-x86_64 | 2.0.9 | 59.00 | 449.00 | 508.00 | OK | |
r-release-windows-x86_64 | 2.0.9 | 42.00 | 382.00 | 424.00 | OK | |
r-oldrel-macos-arm64 | 2.0.9 | 15.00 | 170.00 | 185.00 | NOTE | |
r-oldrel-macos-x86_64 | 2.0.9 | 50.00 | 410.00 | 460.00 | NOTE | |
r-oldrel-windows-x86_64 | 2.0.9 | 60.00 | 520.00 | 580.00 | NOTE |
Version: 2.0.9
Check: HTML version of manual
Result: NOTE
Found the following HTML validation problems:
cirSpecialQuick.html:71:1 (cirSpecialQuick.Rd:26): Warning: missing </ul> before </div>
distances.html:78:1 (distances.Rd:35): Warning: missing </ul> before </div>
patchSize.html:46:1 (patchSize.Rd:10): Warning: missing </ul> before </div>
spread2-internals.html:104:1 (spread2-internals.Rd:48): Warning: missing </ul> before </div>
testEquivalentMetadata.html:47:1 (testEquivalentMetadata.Rd:10): Warning: missing </ul> before </div>
Flavors: r-devel-linux-x86_64-debian-clang, r-devel-linux-x86_64-debian-gcc
Version: 2.0.9
Check: package dependencies
Result: NOTE
Package suggested but not available for checking: ‘NLMR’
Flavors: r-oldrel-macos-arm64, r-oldrel-macos-x86_64, r-oldrel-windows-x86_64