CRAN Package Check Results for Package SpatGC

Last updated on 2025-07-21 08:50:17 CEST.

Flavor Version Tinstall Tcheck Ttotal Status Flags
r-devel-linux-x86_64-debian-clang 0.1.0 4.49 44.73 49.22 OK
r-devel-linux-x86_64-debian-gcc 0.1.0 3.67 34.84 38.51 OK
r-devel-linux-x86_64-fedora-clang 0.1.0 80.46 OK
r-devel-linux-x86_64-fedora-gcc 0.1.0 81.88 OK
r-devel-windows-x86_64 0.1.0 8.00 58.00 66.00 OK
r-patched-linux-x86_64 0.1.0 4.82 42.92 47.74 OK
r-release-linux-x86_64 0.1.0 4.40 42.70 47.10 OK
r-release-macos-arm64 0.1.0 30.00 OK
r-release-macos-x86_64 0.1.0 47.00 OK
r-release-windows-x86_64 0.1.0 6.00 58.00 64.00 OK
r-oldrel-macos-arm64 0.1.0 26.00 NOTE
r-oldrel-macos-x86_64 0.1.0 39.00 NOTE
r-oldrel-windows-x86_64 0.1.0 8.00 72.00 80.00 OK

Check Details

Version: 0.1.0
Check: package dependencies
Result: NOTE Package suggested but not available for checking: ‘INLA’ Flavors: r-oldrel-macos-arm64, r-oldrel-macos-x86_64