Last updated on 2025-10-24 04:51:12 CEST.
| Flavor | Version | Tinstall | Tcheck | Ttotal | Status | Flags |
|---|---|---|---|---|---|---|
| r-devel-linux-x86_64-debian-clang | 1.1-9.9 | 6.59 | 26.25 | 32.84 | NOTE | |
| r-devel-linux-x86_64-debian-gcc | 1.1-9.9 | 4.50 | 20.75 | 25.25 | OK | |
| r-devel-linux-x86_64-fedora-clang | 1.1-9.9 | 14.00 | 36.40 | 50.40 | OK | |
| r-devel-linux-x86_64-fedora-gcc | 1.1-9.9 | 14.00 | 33.74 | 47.74 | OK | |
| r-devel-windows-x86_64 | 1.1-9.9 | 10.00 | 48.00 | 58.00 | OK | |
| r-patched-linux-x86_64 | 1.1-9.9 | 6.00 | 24.92 | 30.92 | OK | |
| r-release-linux-x86_64 | 1.1-9.9 | 5.81 | 24.73 | 30.54 | OK | |
| r-release-macos-arm64 | 1.1-9.9 | 4.00 | 15.00 | 19.00 | OK | |
| r-release-macos-x86_64 | 1.1-9.9 | 8.00 | 26.00 | 34.00 | OK | |
| r-release-windows-x86_64 | 1.1-9.9 | 9.00 | 50.00 | 59.00 | OK | |
| r-oldrel-macos-arm64 | 1.1-9.9 | 5.00 | 31.00 | 36.00 | OK | |
| r-oldrel-macos-x86_64 | 1.1-9.9 | 14.00 | 45.00 | 59.00 | OK | |
| r-oldrel-windows-x86_64 | 1.1-9.9 | 12.00 | 57.00 | 69.00 | OK |
Version: 1.1-9.9
Check: top-level files
Result: NOTE
Found the following validation problem for the NEWS.Rd HTML conversion:
NEWS.html:35:1 (inst/NEWS.Rd:13): Warning: <h3> anchor "Changes-in-version-1.1-9.8-+282024-09-03+29" already defined
Flavor: r-devel-linux-x86_64-debian-clang