CRAN Package Check Results for Package Surrogate

Last updated on 2025-10-22 05:51:28 CEST.

Flavor Version Tinstall Tcheck Ttotal Status Flags
r-devel-linux-x86_64-debian-clang 3.4.1 48.35 632.79 681.14 NOTE
r-devel-linux-x86_64-debian-gcc 3.4.1 29.52 367.04 396.56 NOTE
r-devel-linux-x86_64-fedora-clang 3.4.1 269.00 896.20 1165.20 OK
r-devel-linux-x86_64-fedora-gcc 3.4.1 105.00 935.37 1040.37 OK
r-devel-windows-x86_64 3.4.1 50.00 588.00 638.00 OK
r-patched-linux-x86_64 3.4.1 51.78 596.14 647.92 OK
r-release-linux-x86_64 3.4.1 48.69 598.69 647.38 OK
r-release-macos-arm64 3.4.1 18.00 139.00 157.00 OK
r-release-macos-x86_64 3.4.1 50.00 289.00 339.00 OK
r-release-windows-x86_64 3.4.1 50.00 589.00 639.00 OK
r-oldrel-macos-arm64 3.4.1 21.00 164.00 185.00 OK
r-oldrel-macos-x86_64 3.4.1 47.00 331.00 378.00 OK
r-oldrel-windows-x86_64 3.4.1 72.00 795.00 867.00 OK

Check Details

Version: 3.4.1
Check: HTML version of manual
Result: NOTE Found the following HTML validation problems: estimate_ICA_OrdCont.html:117:1 (estimate_ICA_OrdCont.Rd:57): Warning: missing </ul> before </div> plot.vine_copula_fit.html:111:1 (plot.vine_copula_fit.Rd:60): Warning: missing </ul> before </div> print.vine_copula_fit.html:52:1 (print.vine_copula_fit.Rd:13): Warning: missing </ul> before </div> Flavors: r-devel-linux-x86_64-debian-clang, r-devel-linux-x86_64-debian-gcc