Last updated on 2025-10-22 05:51:28 CEST.
Flavor | Version | Tinstall | Tcheck | Ttotal | Status | Flags |
---|---|---|---|---|---|---|
r-devel-linux-x86_64-debian-clang | 0.6.0.1 | 34.82 | 39.34 | 74.16 | NOTE | |
r-devel-linux-x86_64-debian-gcc | 0.6.0.1 | 23.01 | 29.87 | 52.88 | NOTE | |
r-devel-linux-x86_64-fedora-clang | 0.6.0.1 | 58.00 | 78.87 | 136.87 | OK | |
r-devel-linux-x86_64-fedora-gcc | 0.6.0.1 | 52.00 | 82.36 | 134.36 | OK | |
r-devel-windows-x86_64 | 0.6.0.1 | 42.00 | 81.00 | 123.00 | OK | |
r-patched-linux-x86_64 | 0.6.0.1 | 35.40 | 37.67 | 73.07 | OK | |
r-release-linux-x86_64 | 0.6.0.1 | 33.24 | 37.59 | 70.83 | OK | |
r-release-macos-arm64 | 0.6.0.1 | 13.00 | 31.00 | 44.00 | OK | |
r-release-macos-x86_64 | 0.6.0.1 | 20.00 | 52.00 | 72.00 | OK | |
r-release-windows-x86_64 | 0.6.0.1 | 42.00 | 88.00 | 130.00 | OK | |
r-oldrel-macos-arm64 | 0.6.0.1 | 13.00 | 27.00 | 40.00 | OK | |
r-oldrel-macos-x86_64 | 0.6.0.1 | 15.00 | 43.00 | 58.00 | OK | |
r-oldrel-windows-x86_64 | 0.6.0.1 | 49.00 | 100.00 | 149.00 | OK |
Version: 0.6.0.1
Check: HTML version of manual
Result: NOTE
Found the following HTML validation problems:
CheckInit.html:46:1 (CheckInit.Rd:10): Warning: missing </ul> before </div>
CheckTestSpec.html:51:1 (CheckTestSpec.Rd:13): Warning: missing </ul> before </div>
IterUpdate.html:63:1 (IterUpdate.Rd:19): Warning: missing </ul> before </div>
bnr-method.html:47:1 (bnr-method.Rd:10): Warning: missing </ul> before </div>
coef.bnr.html:55:1 (coef.bnr.Rd:14): Warning: missing </ul> before </div>
print.bnr.html:55:1 (print.bnr.Rd:14): Warning: missing </ul> before </div>
residuals.bnr.html:55:1 (residuals.bnr.Rd:14): Warning: missing </ul> before </div>
vcov.bnr.html:62:1 (vcov.bnr.Rd:17): Warning: missing </ul> before </div>
Flavors: r-devel-linux-x86_64-debian-clang, r-devel-linux-x86_64-debian-gcc