Last updated on 2025-10-22 05:51:29 CEST.
Flavor | Version | Tinstall | Tcheck | Ttotal | Status | Flags |
---|---|---|---|---|---|---|
r-devel-linux-x86_64-debian-clang | 0.1.0 | 3.76 | 44.89 | 48.65 | NOTE | |
r-devel-linux-x86_64-debian-gcc | 0.1.0 | 2.28 | 33.43 | 35.71 | NOTE | |
r-devel-linux-x86_64-fedora-clang | 0.1.0 | 75.16 | OK | |||
r-devel-linux-x86_64-fedora-gcc | 0.1.0 | 68.75 | OK | |||
r-devel-windows-x86_64 | 0.1.0 | 6.00 | 64.00 | 70.00 | OK | |
r-patched-linux-x86_64 | 0.1.0 | 4.47 | 41.38 | 45.85 | OK | |
r-release-linux-x86_64 | 0.1.0 | 2.76 | 41.42 | 44.18 | OK | |
r-release-macos-arm64 | 0.1.0 | 2.00 | 25.00 | 27.00 | OK | |
r-release-macos-x86_64 | 0.1.0 | 3.00 | 39.00 | 42.00 | OK | |
r-release-windows-x86_64 | 0.1.0 | 6.00 | 67.00 | 73.00 | OK | |
r-oldrel-macos-arm64 | 0.1.0 | 2.00 | 30.00 | 32.00 | OK | |
r-oldrel-macos-x86_64 | 0.1.0 | 3.00 | 43.00 | 46.00 | OK | |
r-oldrel-windows-x86_64 | 0.1.0 | 8.00 | 76.00 | 84.00 | OK |
Version: 0.1.0
Check: HTML version of manual
Result: NOTE
Found the following HTML validation problems:
SveltePlots.html:46:1 (SveltePlots.Rd:10): Warning: missing </ul> before </div>
add_bars.html:63:1 (add_bars.Rd:18): Warning: missing </ul> before </div>
add_xy.html:100:1 (add_xy.Rd:42): Warning: missing </ul> before </div>
Flavors: r-devel-linux-x86_64-debian-clang, r-devel-linux-x86_64-debian-gcc