Last updated on 2025-10-22 05:51:29 CEST.
Flavor | Version | Tinstall | Tcheck | Ttotal | Status | Flags |
---|---|---|---|---|---|---|
r-devel-linux-x86_64-debian-clang | 0.1.3 | 10.16 | 88.28 | 98.44 | NOTE | |
r-devel-linux-x86_64-debian-gcc | 0.1.3 | 7.14 | 62.47 | 69.61 | NOTE | |
r-devel-linux-x86_64-fedora-clang | 0.1.3 | 57.00 | 107.37 | 164.37 | OK | |
r-devel-linux-x86_64-fedora-gcc | 0.1.3 | 73.00 | 87.19 | 160.19 | OK | |
r-devel-windows-x86_64 | 0.1.3 | 11.00 | 92.00 | 103.00 | OK | |
r-patched-linux-x86_64 | 0.1.3 | 10.16 | 82.57 | 92.73 | OK | |
r-release-linux-x86_64 | 0.1.3 | 9.82 | 81.21 | 91.03 | OK | |
r-release-macos-arm64 | 0.1.3 | 4.00 | 31.00 | 35.00 | OK | |
r-release-macos-x86_64 | 0.1.3 | 8.00 | 61.00 | 69.00 | OK | |
r-release-windows-x86_64 | 0.1.3 | 12.00 | 102.00 | 114.00 | OK | |
r-oldrel-macos-arm64 | 0.1.3 | 4.00 | 30.00 | 34.00 | OK | |
r-oldrel-macos-x86_64 | 0.1.3 | 9.00 | 54.00 | 63.00 | OK | |
r-oldrel-windows-x86_64 | 0.1.3 | 18.00 | 118.00 | 136.00 | OK |
Version: 0.1.3
Check: HTML version of manual
Result: NOTE
Found the following HTML validation problems:
slotsFunction.html:46:1 (slotsFunction.Rd:11): Warning: missing </ul> before </div>
Flavors: r-devel-linux-x86_64-debian-clang, r-devel-linux-x86_64-debian-gcc