Last updated on 2025-10-22 05:51:29 CEST.
Flavor | Version | Tinstall | Tcheck | Ttotal | Status | Flags |
---|---|---|---|---|---|---|
r-devel-linux-x86_64-debian-clang | 0.1.4 | 186.78 | 191.24 | 378.02 | NOTE | |
r-devel-linux-x86_64-debian-gcc | 0.1.4 | 134.71 | 139.51 | 274.22 | NOTE | |
r-devel-linux-x86_64-fedora-clang | 0.1.4 | 256.00 | 418.83 | 674.83 | OK | |
r-devel-linux-x86_64-fedora-gcc | 0.1.4 | 250.00 | 378.81 | 628.81 | OK | |
r-devel-windows-x86_64 | 0.1.4 | 209.00 | 227.00 | 436.00 | OK | |
r-patched-linux-x86_64 | 0.1.4 | 179.36 | 179.51 | 358.87 | OK | |
r-release-linux-x86_64 | 0.1.4 | 177.45 | 178.47 | 355.92 | OK | |
r-release-macos-arm64 | 0.1.4 | 67.00 | 49.00 | 116.00 | OK | |
r-release-macos-x86_64 | 0.1.4 | 66.00 | 105.00 | 171.00 | OK | |
r-release-windows-x86_64 | 0.1.4 | 197.00 | 329.00 | 526.00 | OK | |
r-oldrel-macos-arm64 | 0.1.4 | 53.00 | 49.00 | 102.00 | NOTE | |
r-oldrel-macos-x86_64 | 0.1.4 | 52.00 | 97.00 | 149.00 | NOTE | |
r-oldrel-windows-x86_64 | 0.1.4 | 244.00 | 261.00 | 505.00 | OK |
Version: 0.1.4
Check: HTML version of manual
Result: NOTE
Found the following HTML validation problems:
ccphate.html:65:1 (ccphate.Rd:19): Warning: missing </ul> before </div>
gbphate.html:73:1 (gbphate.Rd:23): Warning: missing </ul> before </div>
Flavors: r-devel-linux-x86_64-debian-clang, r-devel-linux-x86_64-debian-gcc
Version: 0.1.4
Check: installed package size
Result: NOTE
installed size is 12.4Mb
sub-directories of 1Mb or more:
libs 11.8Mb
Flavors: r-oldrel-macos-arm64, r-oldrel-macos-x86_64