Last updated on 2025-07-20 11:50:16 CEST.
Flavor | Version | Tinstall | Tcheck | Ttotal | Status | Flags |
---|---|---|---|---|---|---|
r-devel-linux-x86_64-debian-clang | 0.1.2 | 46.26 | 165.94 | 212.20 | NOTE | |
r-devel-linux-x86_64-debian-gcc | 0.1.2 | 34.64 | 124.33 | 158.97 | NOTE | |
r-devel-linux-x86_64-fedora-clang | 0.1.2 | 370.96 | NOTE | |||
r-devel-linux-x86_64-fedora-gcc | 0.1.2 | 310.66 | NOTE | |||
r-devel-windows-x86_64 | 0.1.2 | 54.00 | 310.00 | 364.00 | NOTE | |
r-patched-linux-x86_64 | 0.1.2 | 46.80 | 158.83 | 205.63 | NOTE | |
r-release-linux-x86_64 | 0.1.2 | 44.81 | 156.51 | 201.32 | NOTE | |
r-release-macos-arm64 | 0.1.2 | 72.00 | NOTE | |||
r-release-macos-x86_64 | 0.1.2 | 137.00 | NOTE | |||
r-release-windows-x86_64 | 0.1.2 | 56.00 | 338.00 | 394.00 | NOTE | |
r-oldrel-macos-arm64 | 0.1.2 | 75.00 | NOTE | |||
r-oldrel-macos-x86_64 | 0.1.2 | 109.00 | NOTE | |||
r-oldrel-windows-x86_64 | 0.1.2 | 69.00 | 418.00 | 487.00 | NOTE |
Version: 0.1.2
Check: C++ specification
Result: NOTE
Specified C++11: please drop specification unless essential
Flavors: r-devel-linux-x86_64-debian-clang, r-devel-linux-x86_64-debian-gcc, r-devel-linux-x86_64-fedora-clang, r-devel-linux-x86_64-fedora-gcc, r-devel-windows-x86_64, r-patched-linux-x86_64, r-release-linux-x86_64, r-release-macos-arm64, r-release-macos-x86_64, r-release-windows-x86_64, r-oldrel-macos-arm64, r-oldrel-macos-x86_64, r-oldrel-windows-x86_64