Last updated on 2025-10-24 04:51:13 CEST.
| Flavor | Version | Tinstall | Tcheck | Ttotal | Status | Flags |
|---|---|---|---|---|---|---|
| r-devel-linux-x86_64-debian-clang | 0.1-2 | 4.71 | 38.93 | 43.64 | NOTE | |
| r-devel-linux-x86_64-debian-gcc | 0.1-2 | 3.32 | 29.11 | 32.43 | NOTE | |
| r-devel-linux-x86_64-fedora-clang | 0.1-2 | 14.00 | 57.99 | 71.99 | OK | |
| r-devel-linux-x86_64-fedora-gcc | 0.1-2 | 11.00 | 52.06 | 63.06 | OK | |
| r-devel-windows-x86_64 | 0.1-2 | 6.00 | 55.00 | 61.00 | OK | |
| r-patched-linux-x86_64 | 0.1-2 | 5.03 | 37.33 | 42.36 | OK | |
| r-release-linux-x86_64 | 0.1-2 | 4.81 | 36.86 | 41.67 | OK | |
| r-release-macos-arm64 | 0.1-2 | 2.00 | 22.00 | 24.00 | OK | |
| r-release-macos-x86_64 | 0.1-2 | 4.00 | 36.00 | 40.00 | OK | |
| r-release-windows-x86_64 | 0.1-2 | 5.00 | 58.00 | 63.00 | OK | |
| r-oldrel-macos-arm64 | 0.1-2 | 2.00 | 21.00 | 23.00 | OK | |
| r-oldrel-macos-x86_64 | 0.1-2 | 3.00 | 31.00 | 34.00 | OK | |
| r-oldrel-windows-x86_64 | 0.1-2 | 6.00 | 65.00 | 71.00 | OK |
Version: 0.1-2
Check: CRAN incoming feasibility
Result: NOTE
Maintainer: ‘Mikael Lucas <mikael.lucas@ird.fr>’
No Authors@R field in DESCRIPTION.
Please add one, modifying
Authors@R: c(person(given = "Julien",
family = "Lavenus",
role = "aut"),
person(given = "Mikael",
family = "Lucas",
role = "cre",
email = "mikael.lucas@ird.fr"))
as necessary.
Flavors: r-devel-linux-x86_64-debian-clang, r-devel-linux-x86_64-debian-gcc
Version: 0.1-2
Check: Rd files
Result: NOTE
checkRd: (-1) TDCor-package.Rd:11-17: Only 2 columns allowed in this table (row 5 has 1)
Flavor: r-devel-linux-x86_64-debian-gcc