Last updated on 2025-10-24 04:51:13 CEST.
| Flavor | Version | Tinstall | Tcheck | Ttotal | Status | Flags |
|---|---|---|---|---|---|---|
| r-devel-linux-x86_64-debian-clang | 1.0.1 | 3.25 | 32.18 | 35.43 | OK | |
| r-devel-linux-x86_64-debian-gcc | 1.0.1 | 2.82 | 24.58 | 27.40 | OK | |
| r-devel-linux-x86_64-fedora-clang | 1.0.1 | 61.37 | NOTE | |||
| r-devel-linux-x86_64-fedora-gcc | 1.0.1 | 68.18 | NOTE | |||
| r-devel-windows-x86_64 | 1.0.1 | 5.00 | 49.00 | 54.00 | OK | |
| r-patched-linux-x86_64 | 1.0.1 | 3.90 | 30.76 | 34.66 | OK | |
| r-release-linux-x86_64 | 1.0.1 | 3.54 | 30.81 | 34.35 | OK | |
| r-release-macos-arm64 | 1.0.1 | 2.00 | 37.00 | 39.00 | OK | |
| r-release-macos-x86_64 | 1.0.1 | 4.00 | 46.00 | 50.00 | OK | |
| r-release-windows-x86_64 | 1.0.1 | 6.00 | 50.00 | 56.00 | OK | |
| r-oldrel-macos-arm64 | 1.0.1 | 2.00 | 29.00 | 31.00 | NOTE | |
| r-oldrel-macos-x86_64 | 1.0.1 | 3.00 | 44.00 | 47.00 | NOTE | |
| r-oldrel-windows-x86_64 | 1.0.1 | 7.00 | 56.00 | 63.00 | NOTE |
Version: 1.0.1
Check: dependencies in R code
Result: NOTE
Namespace in Imports field not imported from: ‘ggm’
All declared Imports should be used.
Flavors: r-devel-linux-x86_64-fedora-clang, r-devel-linux-x86_64-fedora-gcc
Version: 1.0.1
Check: LazyData
Result: NOTE
'LazyData' is specified without a 'data' directory
Flavors: r-oldrel-macos-arm64, r-oldrel-macos-x86_64, r-oldrel-windows-x86_64