Last updated on 2025-10-22 05:51:31 CEST.
Flavor | Version | Tinstall | Tcheck | Ttotal | Status | Flags |
---|---|---|---|---|---|---|
r-devel-linux-x86_64-debian-clang | 2.3.0 | 12.96 | 162.57 | 175.53 | NOTE | |
r-devel-linux-x86_64-debian-gcc | 2.3.0 | 9.68 | 111.86 | 121.54 | NOTE | |
r-devel-linux-x86_64-fedora-clang | 2.3.0 | 70.00 | 223.12 | 293.12 | OK | |
r-devel-linux-x86_64-fedora-gcc | 2.3.0 | 30.00 | 210.67 | 240.67 | OK | |
r-devel-windows-x86_64 | 2.3.0 | 16.00 | 291.00 | 307.00 | OK | |
r-patched-linux-x86_64 | 2.3.0 | 11.38 | 132.30 | 143.68 | OK | |
r-release-linux-x86_64 | 2.3.0 | 11.57 | 167.24 | 178.81 | OK | |
r-release-macos-arm64 | 2.3.0 | 6.00 | 57.00 | 63.00 | OK | |
r-release-macos-x86_64 | 2.3.0 | 11.00 | 162.00 | 173.00 | OK | |
r-release-windows-x86_64 | 2.3.0 | 18.00 | 159.00 | 177.00 | OK | |
r-oldrel-macos-arm64 | 2.3.0 | 6.00 | 59.00 | 65.00 | OK | |
r-oldrel-macos-x86_64 | 2.3.0 | 15.00 | 207.00 | 222.00 | OK | |
r-oldrel-windows-x86_64 | 2.3.0 | 20.00 | 240.00 | 260.00 | OK |
Version: 2.3.0
Check: HTML version of manual
Result: NOTE
Found the following HTML validation problems:
Sim_points.html:48:1 (Sim_points.Rd:11): Warning: missing </ul> before </div>
Flavors: r-devel-linux-x86_64-debian-clang, r-devel-linux-x86_64-debian-gcc