CRAN Package Check Results for Package TSS.RESTREND

Last updated on 2025-10-22 05:51:31 CEST.

Flavor Version Tinstall Tcheck Ttotal Status Flags
r-devel-linux-x86_64-debian-clang 0.3.1 12.16 89.01 101.17 NOTE
r-devel-linux-x86_64-debian-gcc 0.3.1 8.95 61.79 70.74 NOTE
r-devel-linux-x86_64-fedora-clang 0.3.1 32.00 125.77 157.77 OK
r-devel-linux-x86_64-fedora-gcc 0.3.1 27.00 115.47 142.47 OK
r-devel-windows-x86_64 0.3.1 12.00 95.00 107.00 OK
r-patched-linux-x86_64 0.3.1 11.83 82.00 93.83 OK
r-release-linux-x86_64 0.3.1 11.65 83.59 95.24 OK
r-release-macos-arm64 0.3.1 5.00 32.00 37.00 OK
r-release-macos-x86_64 0.3.1 9.00 62.00 71.00 OK
r-release-windows-x86_64 0.3.1 14.00 193.00 207.00 OK
r-oldrel-macos-arm64 0.3.1 5.00 41.00 46.00 OK
r-oldrel-macos-x86_64 0.3.1 7.00 55.00 62.00 OK
r-oldrel-windows-x86_64 0.3.1 17.00 266.00 283.00 OK

Check Details

Version: 0.3.1
Check: CRAN incoming feasibility
Result: NOTE Maintainer: ‘Arden Burrell <arden.burrell@gmail.com>’ Package CITATION file contains call(s) to old-style personList() or as.personList(). Please use c() on person objects instead. Package CITATION file contains call(s) to old-style citEntry(). Please use bibentry() instead. Flavors: r-devel-linux-x86_64-debian-clang, r-devel-linux-x86_64-debian-gcc

Version: 0.3.1
Check: HTML version of manual
Result: NOTE Found the following HTML validation problems: plot.TSSRESTREND.html:60:1 (plot.TSSRESTREND.Rd:17): Warning: missing </ul> before </div> print.TSSRESTREND.html:51:1 (print.TSSRESTREND.Rd:12): Warning: missing </ul> before </div> Flavors: r-devel-linux-x86_64-debian-clang, r-devel-linux-x86_64-debian-gcc