Last updated on 2025-10-22 05:51:29 CEST.
Flavor | Version | Tinstall | Tcheck | Ttotal | Status | Flags |
---|---|---|---|---|---|---|
r-devel-linux-x86_64-debian-clang | 0.3.0.1 | 6.88 | 64.54 | 71.42 | NOTE | |
r-devel-linux-x86_64-debian-gcc | 0.3.0.1 | 4.38 | 45.77 | 50.15 | NOTE | |
r-devel-linux-x86_64-fedora-clang | 0.3.0.1 | 17.00 | 92.35 | 109.35 | OK | |
r-devel-linux-x86_64-fedora-gcc | 0.3.0.1 | 14.00 | 102.41 | 116.41 | OK | |
r-devel-windows-x86_64 | 0.3.0.1 | 9.00 | 82.00 | 91.00 | OK | |
r-patched-linux-x86_64 | 0.3.0.1 | 7.34 | 59.46 | 66.80 | OK | |
r-release-linux-x86_64 | 0.3.0.1 | 6.23 | 59.51 | 65.74 | OK | |
r-release-macos-arm64 | 0.3.0.1 | 3.00 | 34.00 | 37.00 | OK | |
r-release-macos-x86_64 | 0.3.0.1 | 5.00 | 65.00 | 70.00 | OK | |
r-release-windows-x86_64 | 0.3.0.1 | 9.00 | 84.00 | 93.00 | OK | |
r-oldrel-macos-arm64 | 0.3.0.1 | 3.00 | 35.00 | 38.00 | OK | |
r-oldrel-macos-x86_64 | 0.3.0.1 | 4.00 | 52.00 | 56.00 | OK | |
r-oldrel-windows-x86_64 | 0.3.0.1 | 11.00 | 249.00 | 260.00 | OK |
Version: 0.3.0.1
Check: HTML version of manual
Result: NOTE
Found the following HTML validation problems:
contrast-method.html:47:1 (contrast-method.Rd:10): Warning: missing </ul> before </div>
fit-method.html:47:1 (fit-method.Rd:12): Warning: missing </ul> before </div>
print.contrast.html:51:1 (print.contrast.Rd:12): Warning: missing </ul> before </div>
print.fit.html:51:1 (print.fit.Rd:12): Warning: missing </ul> before </div>
Flavors: r-devel-linux-x86_64-debian-clang, r-devel-linux-x86_64-debian-gcc