Last updated on 2025-10-22 05:51:29 CEST.
Flavor | Version | Tinstall | Tcheck | Ttotal | Status | Flags |
---|---|---|---|---|---|---|
r-devel-linux-x86_64-debian-clang | 1.7.0 | 107.44 | 366.23 | 473.67 | NOTE | |
r-devel-linux-x86_64-debian-gcc | 1.7.0 | 62.77 | 233.63 | 296.40 | NOTE | |
r-devel-linux-x86_64-fedora-clang | 1.7.0 | 197.00 | 604.00 | 801.00 | OK | |
r-devel-linux-x86_64-fedora-gcc | 1.7.0 | 148.00 | 618.14 | 766.14 | OK | |
r-devel-windows-x86_64 | 1.7.0 | 118.00 | 382.00 | 500.00 | OK | |
r-patched-linux-x86_64 | 1.7.0 | 102.73 | 353.54 | 456.27 | OK | |
r-release-linux-x86_64 | 1.7.0 | 99.63 | 352.00 | 451.63 | OK | |
r-release-macos-arm64 | 1.7.0 | 54.00 | 256.00 | 310.00 | OK | |
r-release-macos-x86_64 | 1.7.0 | 43.00 | 361.00 | 404.00 | OK | |
r-release-windows-x86_64 | 1.7.0 | 126.00 | 391.00 | 517.00 | OK | |
r-oldrel-macos-arm64 | 1.7.0 | 43.00 | 150.00 | 193.00 | NOTE | |
r-oldrel-macos-x86_64 | 1.7.0 | 68.00 | 487.00 | 555.00 | NOTE | |
r-oldrel-windows-x86_64 | 1.7.0 | 147.00 | 582.00 | 729.00 | NOTE |
Version: 1.7.0
Check: HTML version of manual
Result: NOTE
Found the following HTML validation problems:
RE.html:50:1 (RE.Rd:12): Warning: missing </ul> before </div>
RMSE.html:54:1 (RMSE.Rd:14): Warning: missing </ul> before </div>
calc_MI_FB.html:58:1 (calc_MI_FB.Rd:16): Warning: missing </ul> before </div>
calc_info_EB.html:58:1 (calc_info_EB.Rd:16): Warning: missing </ul> before </div>
calc_info_FB.html:62:1 (calc_info_FB.Rd:18): Warning: missing </ul> before </div>
calc_posterior.html:70:1 (calc_posterior.Rd:22): Warning: missing </ul> before </div>
calc_posterior_function.html:78:1 (calc_posterior_function.Rd:30): Warning: missing </ul> before </div>
calc_posterior_single.html:70:1 (calc_posterior_single.Rd:22): Warning: missing </ul> before </div>
checkConstraints.html:54:1 (checkConstraints.Rd:14): Warning: missing </ul> before </div>
computeInfoAtCurrentTheta.html:84:1 (computeInfoAtCurrentTheta.Rd:33): Warning: missing </ul> before </div>
makeSimulationDataCache-methods.html:84:1 (makeSimulationDataCache-methods.Rd:38): Warning: missing </ul> before </div>
makeTestCluster-methods.html:62:1 (makeTestCluster-methods.Rd:21): Warning: missing </ul> before </div>
plotExposurePanel.html:104:1 (plotExposurePanel.Rd:45): Warning: missing </ul> before </div>
plotShadowAudit.html:64:1 (plotShadowAudit.Rd:18): Warning: missing </ul> before </div>
plotShadowChart.html:60:1 (plotShadowChart.Rd:16): Warning: missing </ul> before </div>
plotShadowExposure.html:89:1 (plotShadowExposure.Rd:36): Warning: missing </ul> before </div>
plotShadowInfo.html:89:1 (plotShadowInfo.Rd:36): Warning: missing </ul> before </div>
print-methods.html:118:1 (print-methods.Rd:79): Warning: missing </ul> before </div>
show-methods.html:113:1 (show-methods.Rd:79): Warning: missing </ul> before </div>
test_operators.html:57:1 (test_operators.Rd:20): Warning: missing </ul> before </div>
Flavors: r-devel-linux-x86_64-debian-clang, r-devel-linux-x86_64-debian-gcc
Version: 1.7.0
Check: package dependencies
Result: NOTE
Package suggested but not available for checking: ‘gurobi’
Flavors: r-oldrel-macos-arm64, r-oldrel-macos-x86_64, r-oldrel-windows-x86_64
Version: 1.7.0
Check: installed package size
Result: NOTE
installed size is 9.1Mb
sub-directories of 1Mb or more:
libs 6.5Mb
Flavors: r-oldrel-macos-arm64, r-oldrel-macos-x86_64