Last updated on 2025-07-19 08:48:55 CEST.
Flavor | Version | Tinstall | Tcheck | Ttotal | Status | Flags |
---|---|---|---|---|---|---|
r-devel-linux-x86_64-debian-clang | 0.1.3 | 12.34 | 113.37 | 125.71 | OK | |
r-devel-linux-x86_64-debian-gcc | 0.1.3 | 9.05 | 83.31 | 92.36 | OK | |
r-devel-linux-x86_64-fedora-clang | 0.1.3 | 193.85 | NOTE | |||
r-devel-linux-x86_64-fedora-gcc | 0.1.3 | 197.50 | NOTE | |||
r-devel-windows-x86_64 | 0.1.3 | 12.00 | 119.00 | 131.00 | OK | |
r-patched-linux-x86_64 | 0.1.3 | 12.33 | 107.51 | 119.84 | OK | |
r-release-linux-x86_64 | 0.1.3 | 11.74 | 108.00 | 119.74 | OK | |
r-release-macos-arm64 | 0.1.3 | 66.00 | OK | |||
r-release-macos-x86_64 | 0.1.3 | 136.00 | OK | |||
r-release-windows-x86_64 | 0.1.3 | 12.00 | 114.00 | 126.00 | OK | |
r-oldrel-macos-arm64 | 0.1.3 | 64.00 | OK | |||
r-oldrel-macos-x86_64 | 0.1.3 | 96.00 | OK | |||
r-oldrel-windows-x86_64 | 0.1.3 | 19.00 | 158.00 | 177.00 | OK |
Version: 0.1.3
Check: dependencies in R code
Result: NOTE
Namespaces in Imports field not imported from:
‘doParallel’ ‘forecast’ ‘parallel’ ‘tidyr’
All declared Imports should be used.
Flavors: r-devel-linux-x86_64-fedora-clang, r-devel-linux-x86_64-fedora-gcc