Last updated on 2025-10-22 05:51:31 CEST.
Flavor | Version | Tinstall | Tcheck | Ttotal | Status | Flags |
---|---|---|---|---|---|---|
r-devel-linux-x86_64-debian-clang | 0.0.1 | 23.86 | 202.44 | 226.30 | NOTE | |
r-devel-linux-x86_64-debian-gcc | 0.0.1 | 13.51 | 124.59 | 138.10 | NOTE | |
r-devel-linux-x86_64-fedora-clang | 0.0.1 | 50.00 | 301.57 | 351.57 | OK | |
r-devel-linux-x86_64-fedora-gcc | 0.0.1 | 47.00 | 298.78 | 345.78 | OK | |
r-devel-windows-x86_64 | 0.0.1 | 19.00 | 155.00 | 174.00 | OK | |
r-patched-linux-x86_64 | 0.0.1 | 24.16 | 192.21 | 216.37 | OK | |
r-release-linux-x86_64 | 0.0.1 | 20.52 | 192.52 | 213.04 | OK | |
r-release-macos-arm64 | 0.0.1 | 11.00 | 89.00 | 100.00 | OK | |
r-release-macos-x86_64 | 0.0.1 | 20.00 | 157.00 | 177.00 | OK | |
r-release-windows-x86_64 | 0.0.1 | 21.00 | 156.00 | 177.00 | OK | |
r-oldrel-macos-arm64 | 0.0.1 | 8.00 | 58.00 | 66.00 | OK | |
r-oldrel-macos-x86_64 | 0.0.1 | 14.00 | 111.00 | 125.00 | OK | |
r-oldrel-windows-x86_64 | 0.0.1 | 28.00 | 223.00 | 251.00 | OK |
Version: 0.0.1
Check: HTML version of manual
Result: NOTE
Found the following HTML validation problems:
Current.html:61:1 (Current.Rd:20): Warning: missing </ul> before </div>
CurrentLanduse.html:51:1 (CurrentLanduse.Rd:13): Warning: missing </ul> before </div>
Species.html:61:1 (Species.Rd:20): Warning: missing </ul> before </div>
Species_Landuse.html:61:1 (Species_Landuse.Rd:20): Warning: missing </ul> before </div>
Flavors: r-devel-linux-x86_64-debian-clang, r-devel-linux-x86_64-debian-gcc