Last updated on 2025-10-24 04:51:15 CEST.
| Flavor | Version | Tinstall | Tcheck | Ttotal | Status | Flags |
|---|---|---|---|---|---|---|
| r-devel-linux-x86_64-debian-clang | 0.1.0 | 2.14 | 31.11 | 33.25 | OK | |
| r-devel-linux-x86_64-debian-gcc | 0.1.0 | 1.72 | 24.58 | 26.30 | OK | |
| r-devel-linux-x86_64-fedora-clang | 0.1.0 | 51.21 | OK | |||
| r-devel-linux-x86_64-fedora-gcc | 0.1.0 | 63.23 | OK | |||
| r-devel-windows-x86_64 | 0.1.0 | 4.00 | 49.00 | 53.00 | OK | |
| r-patched-linux-x86_64 | 0.1.0 | 2.27 | 29.52 | 31.79 | NOTE | |
| r-release-linux-x86_64 | 0.1.0 | 1.88 | 29.22 | 31.10 | NOTE | |
| r-release-macos-arm64 | 0.1.0 | 2.00 | 41.00 | 43.00 | OK | |
| r-release-macos-x86_64 | 0.1.0 | 3.00 | 49.00 | 52.00 | OK | |
| r-release-windows-x86_64 | 0.1.0 | 3.00 | 57.00 | 60.00 | OK | |
| r-oldrel-macos-arm64 | 0.1.0 | 1.00 | 25.00 | 26.00 | OK | |
| r-oldrel-macos-x86_64 | 0.1.0 | 3.00 | 66.00 | 69.00 | OK | |
| r-oldrel-windows-x86_64 | 0.1.0 | 4.00 | 64.00 | 68.00 | OK |
Version: 0.1.0
Check: DESCRIPTION meta-information
Result: NOTE
Dependence on R version ‘4.3.2’ not with patchlevel 0
Flavors: r-patched-linux-x86_64, r-release-linux-x86_64