CRAN Package Check Results for Package UComp

Last updated on 2025-10-22 05:51:31 CEST.

Flavor Version Tinstall Tcheck Ttotal Status Flags
r-devel-linux-x86_64-debian-clang 5.1.1 125.23 119.24 244.47 WARN
r-devel-linux-x86_64-debian-gcc 5.1.2 97.47 85.09 182.56 WARN
r-devel-linux-x86_64-fedora-clang 5.1.2 403.00 -15.83 387.17 OK
r-devel-linux-x86_64-fedora-gcc 5.1.3 360.00 95.68 455.68 WARN
r-devel-windows-x86_64 5.1.1 132.00 167.00 299.00 WARN
r-patched-linux-x86_64 5.1.1 134.78 110.65 245.43 WARN
r-release-linux-x86_64 5.1.1 134.99 110.51 245.50 WARN
r-release-macos-arm64 5.1.2 54.00 48.00 102.00 OK
r-release-macos-x86_64 5.1.3 123.00 142.00 265.00 OK
r-release-windows-x86_64 5.1.2 125.00 165.00 290.00 OK
r-oldrel-macos-arm64 5.1.3 52.00 50.00 102.00 NOTE
r-oldrel-macos-x86_64 5.1.3 166.00 130.00 296.00 NOTE
r-oldrel-windows-x86_64 5.1.2 118.00 208.00 326.00 OK

Check Details

Version: 5.1.1
Check: whether package can be installed
Result: WARN Found the following significant warnings: ./SSpace.h:578:10: warning: 'is_finite<arma::subview<double>>' is deprecated: change arma::is_finite(X) to X.is_finite() [-Wdeprecated-declarations] ./SSpace.h:713:13: warning: 'is_finite<arma::subview<double>>' is deprecated: change arma::is_finite(X) to X.is_finite() [-Wdeprecated-declarations] ./SSpace.h:849:12: warning: 'is_finite<arma::subview<double>>' is deprecated: change arma::is_finite(X) to X.is_finite() [-Wdeprecated-declarations] ./SSpace.h:1032:10: warning: 'is_finite<arma::subview<double>>' is deprecated: change arma::is_finite(X) to X.is_finite() [-Wdeprecated-declarations] ./SSpace.h:1128:11: warning: 'is_finite<arma::subview<double>>' is deprecated: change arma::is_finite(X) to X.is_finite() [-Wdeprecated-declarations] ./ETSmodel.h:1008:17: warning: 'is_finite<double>' is deprecated: change arma::is_finite(val) to std::isfinite(val) [-Wdeprecated-declarations] ./ETSmodel.h:1037:25: warning: 'is_finite<double>' is deprecated: change arma::is_finite(val) to std::isfinite(val) [-Wdeprecated-declarations] ./ETSmodel.h:1048:25: warning: 'is_finite<double>' is deprecated: change arma::is_finite(val) to std::isfinite(val) [-Wdeprecated-declarations] ./ETSmodel.h:1061:25: warning: 'is_finite<double>' is deprecated: change arma::is_finite(val) to std::isfinite(val) [-Wdeprecated-declarations] ./ETSmodel.h:1074:25: warning: 'is_finite<double>' is deprecated: change arma::is_finite(val) to std::isfinite(val) [-Wdeprecated-declarations] ./ETSmodel.h:1088:25: warning: 'is_finite<double>' is deprecated: change arma::is_finite(val) to std::isfinite(val) [-Wdeprecated-declarations] ./ETSmodel.h:1113:25: warning: 'is_finite<double>' is deprecated: change arma::is_finite(val) to std::isfinite(val) [-Wdeprecated-declarations] ./ETSmodel.h:1121:25: warning: 'is_finite<double>' is deprecated: change arma::is_finite(val) to std::isfinite(val) [-Wdeprecated-declarations] ./ETSmodel.h:1131:25: warning: 'is_finite<double>' is deprecated: change arma::is_finite(val) to std::isfinite(val) [-Wdeprecated-declarations] ./ETSmodel.h:1141:25: warning: 'is_finite<double>' is deprecated: change arma::is_finite(val) to std::isfinite(val) [-Wdeprecated-declarations] ./ETSmodel.h:1153:25: warning: 'is_finite<double>' is deprecated: change arma::is_finite(val) to std::isfinite(val) [-Wdeprecated-declarations] ./ETSmodel.h:1165:25: warning: 'is_finite<double>' is deprecated: change arma::is_finite(val) to std::isfinite(val) [-Wdeprecated-declarations] ./ETSmodel.h:1177:25: warning: 'is_finite<double>' is deprecated: change arma::is_finite(val) to std::isfinite(val) [-Wdeprecated-declarations] ./ETSmodel.h:1196:25: warning: 'is_finite<double>' is deprecated: change arma::is_finite(val) to std::isfinite(val) [-Wdeprecated-declarations] ./ETSmodel.h:1209:25: warning: 'is_finite<double>' is deprecated: change arma::is_finite(val) to std::isfinite(val) [-Wdeprecated-declarations] See ‘/home/hornik/tmp/R.check/r-devel-clang/Work/PKGS/UComp.Rcheck/00install.out’ for details. * used C++ compiler: ‘Debian clang version 19.1.7 (7)’ Flavor: r-devel-linux-x86_64-debian-clang

Version: 5.1.2
Check: whether package can be installed
Result: WARN Found the following significant warnings: ARIMAmodel.h:1745:33: warning: ‘%d’ directive output may be truncated writing between 1 and 11 bytes into a region of size 5 [-Wformat-truncation=] See ‘/home/hornik/tmp/R.check/r-devel-gcc/Work/PKGS/UComp.Rcheck/00install.out’ for details. * used C++ compiler: ‘g++-15 (Debian 15.2.0-4) 15.2.0’ Flavor: r-devel-linux-x86_64-debian-gcc

Version: 5.1.3
Check: whether package can be installed
Result: WARN Found the following significant warnings: ARIMAmodel.h:1745:42: warning: ‘%d’ directive output may be truncated writing between 1 and 11 bytes into a region of size 7 [-Wformat-truncation=] See ‘/data/gannet/ripley/R/packages/tests-devel/UComp.Rcheck/00install.out’ for details. * used C++ compiler: ‘g++ (GCC) 15.1.1 20250521 (Red Hat 15.1.1-2)’ Flavor: r-devel-linux-x86_64-fedora-gcc

Version: 5.1.1
Check: whether package can be installed
Result: WARN Found the following significant warnings: SSpace.h:578:19: warning: 'bool arma::is_finite(const Base<typename T1::elem_type, T1>&) [with T1 = subview<double>; typename T1::elem_type = double]' is deprecated: change arma::is_finite(X) to X.is_finite() [-Wdeprecated-declarations] SSpace.h:713:22: warning: 'bool arma::is_finite(const Base<typename T1::elem_type, T1>&) [with T1 = subview<double>; typename T1::elem_type = double]' is deprecated: change arma::is_finite(X) to X.is_finite() [-Wdeprecated-declarations] SSpace.h:849:21: warning: 'bool arma::is_finite(const Base<typename T1::elem_type, T1>&) [with T1 = subview<double>; typename T1::elem_type = double]' is deprecated: change arma::is_finite(X) to X.is_finite() [-Wdeprecated-declarations] SSpace.h:1032:19: warning: 'bool arma::is_finite(const Base<typename T1::elem_type, T1>&) [with T1 = subview<double>; typename T1::elem_type = double]' is deprecated: change arma::is_finite(X) to X.is_finite() [-Wdeprecated-declarations] SSpace.h:1128:20: warning: 'bool arma::is_finite(const Base<typename T1::elem_type, T1>&) [with T1 = subview<double>; typename T1::elem_type = double]' is deprecated: change arma::is_finite(X) to X.is_finite() [-Wdeprecated-declarations] ETSmodel.h:1008:26: warning: 'bool arma::is_finite(eT, const typename arma_scalar_only<eT>::result*) [with eT = double; typename arma_scalar_only<eT>::result = double]' is deprecated: change arma::is_finite(val) to std::isfinite(val) [-Wdeprecated-declarations] ETSmodel.h:1037:34: warning: 'bool arma::is_finite(eT, const typename arma_scalar_only<eT>::result*) [with eT = double; typename arma_scalar_only<eT>::result = double]' is deprecated: change arma::is_finite(val) to std::isfinite(val) [-Wdeprecated-declarations] ETSmodel.h:1048:34: warning: 'bool arma::is_finite(eT, const typename arma_scalar_only<eT>::result*) [with eT = double; typename arma_scalar_only<eT>::result = double]' is deprecated: change arma::is_finite(val) to std::isfinite(val) [-Wdeprecated-declarations] ETSmodel.h:1061:34: warning: 'bool arma::is_finite(eT, const typename arma_scalar_only<eT>::result*) [with eT = double; typename arma_scalar_only<eT>::result = double]' is deprecated: change arma::is_finite(val) to std::isfinite(val) [-Wdeprecated-declarations] ETSmodel.h:1074:34: warning: 'bool arma::is_finite(eT, const typename arma_scalar_only<eT>::result*) [with eT = double; typename arma_scalar_only<eT>::result = double]' is deprecated: change arma::is_finite(val) to std::isfinite(val) [-Wdeprecated-declarations] ETSmodel.h:1088:34: warning: 'bool arma::is_finite(eT, const typename arma_scalar_only<eT>::result*) [with eT = double; typename arma_scalar_only<eT>::result = double]' is deprecated: change arma::is_finite(val) to std::isfinite(val) [-Wdeprecated-declarations] ETSmodel.h:1113:34: warning: 'bool arma::is_finite(eT, const typename arma_scalar_only<eT>::result*) [with eT = double; typename arma_scalar_only<eT>::result = double]' is deprecated: change arma::is_finite(val) to std::isfinite(val) [-Wdeprecated-declarations] ETSmodel.h:1121:34: warning: 'bool arma::is_finite(eT, const typename arma_scalar_only<eT>::result*) [with eT = double; typename arma_scalar_only<eT>::result = double]' is deprecated: change arma::is_finite(val) to std::isfinite(val) [-Wdeprecated-declarations] ETSmodel.h:1131:34: warning: 'bool arma::is_finite(eT, const typename arma_scalar_only<eT>::result*) [with eT = double; typename arma_scalar_only<eT>::result = double]' is deprecated: change arma::is_finite(val) to std::isfinite(val) [-Wdeprecated-declarations] ETSmodel.h:1141:34: warning: 'bool arma::is_finite(eT, const typename arma_scalar_only<eT>::result*) [with eT = double; typename arma_scalar_only<eT>::result = double]' is deprecated: change arma::is_finite(val) to std::isfinite(val) [-Wdeprecated-declarations] ETSmodel.h:1153:34: warning: 'bool arma::is_finite(eT, const typename arma_scalar_only<eT>::result*) [with eT = double; typename arma_scalar_only<eT>::result = double]' is deprecated: change arma::is_finite(val) to std::isfinite(val) [-Wdeprecated-declarations] ETSmodel.h:1165:34: warning: 'bool arma::is_finite(eT, const typename arma_scalar_only<eT>::result*) [with eT = double; typename arma_scalar_only<eT>::result = double]' is deprecated: change arma::is_finite(val) to std::isfinite(val) [-Wdeprecated-declarations] ETSmodel.h:1177:34: warning: 'bool arma::is_finite(eT, const typename arma_scalar_only<eT>::result*) [with eT = double; typename arma_scalar_only<eT>::result = double]' is deprecated: change arma::is_finite(val) to std::isfinite(val) [-Wdeprecated-declarations] ETSmodel.h:1196:34: warning: 'bool arma::is_finite(eT, const typename arma_scalar_only<eT>::result*) [with eT = double; typename arma_scalar_only<eT>::result = double]' is deprecated: change arma::is_finite(val) to std::isfinite(val) [-Wdeprecated-declarations] ETSmodel.h:1209:34: warning: 'bool arma::is_finite(eT, const typename arma_scalar_only<eT>::result*) [with eT = double; typename arma_scalar_only<eT>::result = double]' is deprecated: change arma::is_finite(val) to std::isfinite(val) [-Wdeprecated-declarations] See 'd:/Rcompile/CRANpkg/local/4.6/UComp.Rcheck/00install.out' for details. * used C++ compiler: 'g++.exe (GCC) 14.2.0' Flavor: r-devel-windows-x86_64

Version: 5.1.1
Check: whether package can be installed
Result: WARN Found the following significant warnings: SSpace.h:578:19: warning: ‘bool arma::is_finite(const Base<typename T1::elem_type, T1>&) [with T1 = subview<double>; typename T1::elem_type = double]’ is deprecated: change arma::is_finite(X) to X.is_finite() [-Wdeprecated-declarations] SSpace.h:713:22: warning: ‘bool arma::is_finite(const Base<typename T1::elem_type, T1>&) [with T1 = subview<double>; typename T1::elem_type = double]’ is deprecated: change arma::is_finite(X) to X.is_finite() [-Wdeprecated-declarations] SSpace.h:849:21: warning: ‘bool arma::is_finite(const Base<typename T1::elem_type, T1>&) [with T1 = subview<double>; typename T1::elem_type = double]’ is deprecated: change arma::is_finite(X) to X.is_finite() [-Wdeprecated-declarations] SSpace.h:1032:19: warning: ‘bool arma::is_finite(const Base<typename T1::elem_type, T1>&) [with T1 = subview<double>; typename T1::elem_type = double]’ is deprecated: change arma::is_finite(X) to X.is_finite() [-Wdeprecated-declarations] SSpace.h:1128:20: warning: ‘bool arma::is_finite(const Base<typename T1::elem_type, T1>&) [with T1 = subview<double>; typename T1::elem_type = double]’ is deprecated: change arma::is_finite(X) to X.is_finite() [-Wdeprecated-declarations] ETSmodel.h:1008:26: warning: ‘bool arma::is_finite(eT, const typename arma_scalar_only<eT>::result*) [with eT = double; typename arma_scalar_only<eT>::result = double]’ is deprecated: change arma::is_finite(val) to std::isfinite(val) [-Wdeprecated-declarations] ETSmodel.h:1037:34: warning: ‘bool arma::is_finite(eT, const typename arma_scalar_only<eT>::result*) [with eT = double; typename arma_scalar_only<eT>::result = double]’ is deprecated: change arma::is_finite(val) to std::isfinite(val) [-Wdeprecated-declarations] ETSmodel.h:1048:34: warning: ‘bool arma::is_finite(eT, const typename arma_scalar_only<eT>::result*) [with eT = double; typename arma_scalar_only<eT>::result = double]’ is deprecated: change arma::is_finite(val) to std::isfinite(val) [-Wdeprecated-declarations] ETSmodel.h:1061:34: warning: ‘bool arma::is_finite(eT, const typename arma_scalar_only<eT>::result*) [with eT = double; typename arma_scalar_only<eT>::result = double]’ is deprecated: change arma::is_finite(val) to std::isfinite(val) [-Wdeprecated-declarations] ETSmodel.h:1074:34: warning: ‘bool arma::is_finite(eT, const typename arma_scalar_only<eT>::result*) [with eT = double; typename arma_scalar_only<eT>::result = double]’ is deprecated: change arma::is_finite(val) to std::isfinite(val) [-Wdeprecated-declarations] ETSmodel.h:1088:34: warning: ‘bool arma::is_finite(eT, const typename arma_scalar_only<eT>::result*) [with eT = double; typename arma_scalar_only<eT>::result = double]’ is deprecated: change arma::is_finite(val) to std::isfinite(val) [-Wdeprecated-declarations] ETSmodel.h:1113:34: warning: ‘bool arma::is_finite(eT, const typename arma_scalar_only<eT>::result*) [with eT = double; typename arma_scalar_only<eT>::result = double]’ is deprecated: change arma::is_finite(val) to std::isfinite(val) [-Wdeprecated-declarations] ETSmodel.h:1121:34: warning: ‘bool arma::is_finite(eT, const typename arma_scalar_only<eT>::result*) [with eT = double; typename arma_scalar_only<eT>::result = double]’ is deprecated: change arma::is_finite(val) to std::isfinite(val) [-Wdeprecated-declarations] ETSmodel.h:1131:34: warning: ‘bool arma::is_finite(eT, const typename arma_scalar_only<eT>::result*) [with eT = double; typename arma_scalar_only<eT>::result = double]’ is deprecated: change arma::is_finite(val) to std::isfinite(val) [-Wdeprecated-declarations] ETSmodel.h:1141:34: warning: ‘bool arma::is_finite(eT, const typename arma_scalar_only<eT>::result*) [with eT = double; typename arma_scalar_only<eT>::result = double]’ is deprecated: change arma::is_finite(val) to std::isfinite(val) [-Wdeprecated-declarations] ETSmodel.h:1153:34: warning: ‘bool arma::is_finite(eT, const typename arma_scalar_only<eT>::result*) [with eT = double; typename arma_scalar_only<eT>::result = double]’ is deprecated: change arma::is_finite(val) to std::isfinite(val) [-Wdeprecated-declarations] ETSmodel.h:1165:34: warning: ‘bool arma::is_finite(eT, const typename arma_scalar_only<eT>::result*) [with eT = double; typename arma_scalar_only<eT>::result = double]’ is deprecated: change arma::is_finite(val) to std::isfinite(val) [-Wdeprecated-declarations] ETSmodel.h:1177:34: warning: ‘bool arma::is_finite(eT, const typename arma_scalar_only<eT>::result*) [with eT = double; typename arma_scalar_only<eT>::result = double]’ is deprecated: change arma::is_finite(val) to std::isfinite(val) [-Wdeprecated-declarations] ETSmodel.h:1196:34: warning: ‘bool arma::is_finite(eT, const typename arma_scalar_only<eT>::result*) [with eT = double; typename arma_scalar_only<eT>::result = double]’ is deprecated: change arma::is_finite(val) to std::isfinite(val) [-Wdeprecated-declarations] ETSmodel.h:1209:34: warning: ‘bool arma::is_finite(eT, const typename arma_scalar_only<eT>::result*) [with eT = double; typename arma_scalar_only<eT>::result = double]’ is deprecated: change arma::is_finite(val) to std::isfinite(val) [-Wdeprecated-declarations] See ‘/home/hornik/tmp/R.check/r-patched-gcc/Work/PKGS/UComp.Rcheck/00install.out’ for details. * used C++ compiler: ‘g++-14 (Debian 14.3.0-8) 14.3.0’ Flavor: r-patched-linux-x86_64

Version: 5.1.1
Check: whether package can be installed
Result: WARN Found the following significant warnings: SSpace.h:578:19: warning: ‘bool arma::is_finite(const Base<typename T1::elem_type, T1>&) [with T1 = subview<double>; typename T1::elem_type = double]’ is deprecated: change arma::is_finite(X) to X.is_finite() [-Wdeprecated-declarations] SSpace.h:713:22: warning: ‘bool arma::is_finite(const Base<typename T1::elem_type, T1>&) [with T1 = subview<double>; typename T1::elem_type = double]’ is deprecated: change arma::is_finite(X) to X.is_finite() [-Wdeprecated-declarations] SSpace.h:849:21: warning: ‘bool arma::is_finite(const Base<typename T1::elem_type, T1>&) [with T1 = subview<double>; typename T1::elem_type = double]’ is deprecated: change arma::is_finite(X) to X.is_finite() [-Wdeprecated-declarations] SSpace.h:1032:19: warning: ‘bool arma::is_finite(const Base<typename T1::elem_type, T1>&) [with T1 = subview<double>; typename T1::elem_type = double]’ is deprecated: change arma::is_finite(X) to X.is_finite() [-Wdeprecated-declarations] SSpace.h:1128:20: warning: ‘bool arma::is_finite(const Base<typename T1::elem_type, T1>&) [with T1 = subview<double>; typename T1::elem_type = double]’ is deprecated: change arma::is_finite(X) to X.is_finite() [-Wdeprecated-declarations] ETSmodel.h:1008:26: warning: ‘bool arma::is_finite(eT, const typename arma_scalar_only<eT>::result*) [with eT = double; typename arma_scalar_only<eT>::result = double]’ is deprecated: change arma::is_finite(val) to std::isfinite(val) [-Wdeprecated-declarations] ETSmodel.h:1037:34: warning: ‘bool arma::is_finite(eT, const typename arma_scalar_only<eT>::result*) [with eT = double; typename arma_scalar_only<eT>::result = double]’ is deprecated: change arma::is_finite(val) to std::isfinite(val) [-Wdeprecated-declarations] ETSmodel.h:1048:34: warning: ‘bool arma::is_finite(eT, const typename arma_scalar_only<eT>::result*) [with eT = double; typename arma_scalar_only<eT>::result = double]’ is deprecated: change arma::is_finite(val) to std::isfinite(val) [-Wdeprecated-declarations] ETSmodel.h:1061:34: warning: ‘bool arma::is_finite(eT, const typename arma_scalar_only<eT>::result*) [with eT = double; typename arma_scalar_only<eT>::result = double]’ is deprecated: change arma::is_finite(val) to std::isfinite(val) [-Wdeprecated-declarations] ETSmodel.h:1074:34: warning: ‘bool arma::is_finite(eT, const typename arma_scalar_only<eT>::result*) [with eT = double; typename arma_scalar_only<eT>::result = double]’ is deprecated: change arma::is_finite(val) to std::isfinite(val) [-Wdeprecated-declarations] ETSmodel.h:1088:34: warning: ‘bool arma::is_finite(eT, const typename arma_scalar_only<eT>::result*) [with eT = double; typename arma_scalar_only<eT>::result = double]’ is deprecated: change arma::is_finite(val) to std::isfinite(val) [-Wdeprecated-declarations] ETSmodel.h:1113:34: warning: ‘bool arma::is_finite(eT, const typename arma_scalar_only<eT>::result*) [with eT = double; typename arma_scalar_only<eT>::result = double]’ is deprecated: change arma::is_finite(val) to std::isfinite(val) [-Wdeprecated-declarations] ETSmodel.h:1121:34: warning: ‘bool arma::is_finite(eT, const typename arma_scalar_only<eT>::result*) [with eT = double; typename arma_scalar_only<eT>::result = double]’ is deprecated: change arma::is_finite(val) to std::isfinite(val) [-Wdeprecated-declarations] ETSmodel.h:1131:34: warning: ‘bool arma::is_finite(eT, const typename arma_scalar_only<eT>::result*) [with eT = double; typename arma_scalar_only<eT>::result = double]’ is deprecated: change arma::is_finite(val) to std::isfinite(val) [-Wdeprecated-declarations] ETSmodel.h:1141:34: warning: ‘bool arma::is_finite(eT, const typename arma_scalar_only<eT>::result*) [with eT = double; typename arma_scalar_only<eT>::result = double]’ is deprecated: change arma::is_finite(val) to std::isfinite(val) [-Wdeprecated-declarations] ETSmodel.h:1153:34: warning: ‘bool arma::is_finite(eT, const typename arma_scalar_only<eT>::result*) [with eT = double; typename arma_scalar_only<eT>::result = double]’ is deprecated: change arma::is_finite(val) to std::isfinite(val) [-Wdeprecated-declarations] ETSmodel.h:1165:34: warning: ‘bool arma::is_finite(eT, const typename arma_scalar_only<eT>::result*) [with eT = double; typename arma_scalar_only<eT>::result = double]’ is deprecated: change arma::is_finite(val) to std::isfinite(val) [-Wdeprecated-declarations] ETSmodel.h:1177:34: warning: ‘bool arma::is_finite(eT, const typename arma_scalar_only<eT>::result*) [with eT = double; typename arma_scalar_only<eT>::result = double]’ is deprecated: change arma::is_finite(val) to std::isfinite(val) [-Wdeprecated-declarations] ETSmodel.h:1196:34: warning: ‘bool arma::is_finite(eT, const typename arma_scalar_only<eT>::result*) [with eT = double; typename arma_scalar_only<eT>::result = double]’ is deprecated: change arma::is_finite(val) to std::isfinite(val) [-Wdeprecated-declarations] ETSmodel.h:1209:34: warning: ‘bool arma::is_finite(eT, const typename arma_scalar_only<eT>::result*) [with eT = double; typename arma_scalar_only<eT>::result = double]’ is deprecated: change arma::is_finite(val) to std::isfinite(val) [-Wdeprecated-declarations] See ‘/home/hornik/tmp/R.check/r-release-gcc/Work/PKGS/UComp.Rcheck/00install.out’ for details. * used C++ compiler: ‘g++-14 (Debian 14.3.0-8) 14.3.0’ Flavor: r-release-linux-x86_64

Version: 5.1.3
Check: installed package size
Result: NOTE installed size is 22.5Mb sub-directories of 1Mb or more: libs 22.1Mb Flavors: r-oldrel-macos-arm64, r-oldrel-macos-x86_64