Last updated on 2025-07-21 08:50:21 CEST.
Flavor | Version | Tinstall | Tcheck | Ttotal | Status | Flags |
---|---|---|---|---|---|---|
r-devel-linux-x86_64-debian-clang | 0.2.0 | 23.33 | 34.39 | 57.72 | OK | |
r-devel-linux-x86_64-debian-gcc | 0.2.0 | 17.61 | 27.17 | 44.78 | OK | |
r-devel-linux-x86_64-fedora-clang | 0.2.0 | 86.54 | OK | |||
r-devel-linux-x86_64-fedora-gcc | 0.2.0 | 86.12 | OK | |||
r-devel-windows-x86_64 | 0.2.0 | 22.00 | 64.00 | 86.00 | OK | |
r-patched-linux-x86_64 | 0.2.0 | 23.96 | 31.76 | 55.72 | OK | |
r-release-linux-x86_64 | 0.2.0 | 21.90 | 31.94 | 53.84 | OK | |
r-release-macos-arm64 | 0.2.0 | 39.00 | OK | |||
r-release-macos-x86_64 | 0.2.0 | 68.00 | OK | |||
r-release-windows-x86_64 | 0.2.0 | 27.00 | 65.00 | 92.00 | OK | |
r-oldrel-macos-arm64 | 0.2.0 | 38.00 | NOTE | |||
r-oldrel-macos-x86_64 | 0.2.0 | 50.00 | NOTE | |||
r-oldrel-windows-x86_64 | 0.2.0 | 21.00 | 70.00 | 91.00 | NOTE |
Version: 0.2.0
Check: installed package size
Result: NOTE
installed size is 7.3Mb
sub-directories of 1Mb or more:
data 7.1Mb
Flavors: r-oldrel-macos-arm64, r-oldrel-macos-x86_64, r-oldrel-windows-x86_64