Last updated on 2025-07-22 08:48:48 CEST.
Flavor | Version | Tinstall | Tcheck | Ttotal | Status | Flags |
---|---|---|---|---|---|---|
r-devel-linux-x86_64-debian-clang | 1.1-13 | 104.15 | 555.51 | 659.66 | OK | |
r-devel-linux-x86_64-debian-gcc | 1.1-13 | 65.65 | 337.18 | 402.83 | OK | |
r-devel-linux-x86_64-fedora-clang | 1.1-13 | 1043.27 | OK | |||
r-devel-linux-x86_64-fedora-gcc | 1.1-13 | 1011.65 | OK | |||
r-devel-windows-x86_64 | 1.1-13 | 108.00 | 589.00 | 697.00 | OK | |
r-patched-linux-x86_64 | 1.1-13 | 118.83 | 527.46 | 646.29 | OK | |
r-release-linux-x86_64 | 1.1-13 | 86.81 | 524.62 | 611.43 | OK | |
r-release-macos-arm64 | 1.1-13 | 191.00 | OK | |||
r-release-macos-x86_64 | 1.1-13 | 456.00 | OK | |||
r-release-windows-x86_64 | 1.1-13 | 102.00 | 626.00 | 728.00 | OK | |
r-oldrel-macos-arm64 | 1.1-13 | 194.00 | NOTE | |||
r-oldrel-macos-x86_64 | 1.1-13 | 486.00 | NOTE | |||
r-oldrel-windows-x86_64 | 1.1-13 | 118.00 | 752.00 | 870.00 | NOTE |
Version: 1.1-13
Check: installed package size
Result: NOTE
installed size is 10.3Mb
sub-directories of 1Mb or more:
R 5.1Mb
help 4.0Mb
Flavors: r-oldrel-macos-arm64, r-oldrel-macos-x86_64, r-oldrel-windows-x86_64