Last updated on 2025-10-22 05:51:32 CEST.
Flavor | Version | Tinstall | Tcheck | Ttotal | Status | Flags |
---|---|---|---|---|---|---|
r-devel-linux-x86_64-debian-clang | 0.2.6 | 89.36 | 45.44 | 134.80 | NOTE | |
r-devel-linux-x86_64-debian-gcc | 0.2.6 | 62.26 | 34.52 | 96.78 | NOTE | |
r-devel-linux-x86_64-fedora-clang | 0.2.6 | 215.00 | 45.66 | 260.66 | NOTE | |
r-devel-linux-x86_64-fedora-gcc | 0.2.6 | 179.00 | 59.41 | 238.41 | NOTE | |
r-devel-windows-x86_64 | 0.2.6 | 137.00 | 80.00 | 217.00 | NOTE | |
r-patched-linux-x86_64 | 0.2.6 | 89.96 | 42.49 | 132.45 | NOTE | |
r-release-linux-x86_64 | 0.2.6 | 90.61 | 42.20 | 132.81 | NOTE | |
r-release-macos-arm64 | 0.2.6 | 35.00 | 24.00 | 59.00 | NOTE | |
r-release-macos-x86_64 | 0.2.6 | 30.00 | 40.00 | 70.00 | NOTE | |
r-release-windows-x86_64 | 0.2.6 | 139.00 | 89.00 | 228.00 | NOTE | |
r-oldrel-macos-arm64 | 0.2.6 | 36.00 | 22.00 | 58.00 | NOTE | |
r-oldrel-macos-x86_64 | 0.2.6 | 27.00 | 35.00 | 62.00 | NOTE | |
r-oldrel-windows-x86_64 | 0.2.6 | 158.00 | 105.00 | 263.00 | NOTE |
Version: 0.2.6
Check: Rd files
Result: NOTE
checkRd: (-1) vic_param.Rd:311: Lost braces
311 | albedo must be supplied in code{forcing_veg}. Default = 1.}
| ^
checkRd: (-1) vic_param.Rd:323: Lost braces
323 | supplied in code{forcing_veg}. Default = 1.}
| ^
checkRd: (-1) vic_param.Rd:341: Lost braces
341 | be supplied in code{forcing_veg} Default = 0.}
| ^
Flavors: r-devel-linux-x86_64-debian-clang, r-devel-linux-x86_64-debian-gcc, r-devel-linux-x86_64-fedora-clang, r-devel-linux-x86_64-fedora-gcc, r-devel-windows-x86_64, r-patched-linux-x86_64, r-release-linux-x86_64, r-release-macos-arm64, r-release-macos-x86_64, r-release-windows-x86_64, r-oldrel-macos-arm64, r-oldrel-macos-x86_64, r-oldrel-windows-x86_64
Version: 0.2.6
Check: HTML version of manual
Result: NOTE
Found the following HTML validation problems:
XAJ.param.range.html:120:1 (XAJ.param.range.Rd:50): Warning: missing </ul> before </div>
Flavors: r-devel-linux-x86_64-debian-clang, r-devel-linux-x86_64-debian-gcc