Last updated on 2025-10-22 05:51:32 CEST.
Flavor | Version | Tinstall | Tcheck | Ttotal | Status | Flags |
---|---|---|---|---|---|---|
r-devel-linux-x86_64-debian-clang | 2.6.1 | 28.83 | 125.37 | 154.20 | NOTE | |
r-devel-linux-x86_64-debian-gcc | 2.6.1 | 20.98 | 84.64 | 105.62 | NOTE | |
r-devel-linux-x86_64-fedora-clang | 2.6.1 | 61.00 | 186.37 | 247.37 | OK | |
r-devel-linux-x86_64-fedora-gcc | 2.6.1 | 70.00 | 174.49 | 244.49 | OK | |
r-devel-windows-x86_64 | 2.6.1 | 38.00 | 158.00 | 196.00 | OK | |
r-patched-linux-x86_64 | 2.6.1 | 29.51 | 118.44 | 147.95 | OK | |
r-release-linux-x86_64 | 2.6.1 | 28.44 | 118.41 | 146.85 | OK | |
r-release-macos-arm64 | 2.6.1 | 12.00 | 48.00 | 60.00 | OK | |
r-release-macos-x86_64 | 2.6.1 | 19.00 | 110.00 | 129.00 | OK | |
r-release-windows-x86_64 | 2.6.1 | 41.00 | 163.00 | 204.00 | OK | |
r-oldrel-macos-arm64 | 2.6.1 | 12.00 | 67.00 | 79.00 | OK | |
r-oldrel-macos-x86_64 | 2.6.1 | 25.00 | 156.00 | 181.00 | OK | |
r-oldrel-windows-x86_64 | 2.6.1 | 45.00 | 195.00 | 240.00 | OK |
Version: 2.6.1
Check: HTML version of manual
Result: NOTE
Found the following HTML validation problems:
VC2copula-deprecated.html:137:1 (VC2copula-deprecated.Rd:312): Warning: missing </ul> before </div>
Flavors: r-devel-linux-x86_64-debian-clang, r-devel-linux-x86_64-debian-gcc