Last updated on 2025-10-24 04:51:16 CEST.
| Flavor | Version | Tinstall | Tcheck | Ttotal | Status | Flags |
|---|---|---|---|---|---|---|
| r-devel-linux-x86_64-debian-clang | 0.1.8 | 1.42 | 19.03 | 20.45 | NOTE | |
| r-devel-linux-x86_64-debian-gcc | 0.1.8 | 1.32 | 16.09 | 17.41 | NOTE | |
| r-devel-linux-x86_64-fedora-clang | 0.1.8 | 30.91 | NOTE | |||
| r-devel-linux-x86_64-fedora-gcc | 0.1.8 | 29.96 | NOTE | |||
| r-devel-windows-x86_64 | 0.1.8 | 3.00 | 201607.00 | 201610.00 | NOTE | |
| r-patched-linux-x86_64 | 0.1.8 | 1.67 | 17.92 | 19.59 | NOTE | |
| r-release-linux-x86_64 | 0.1.8 | 1.46 | 18.04 | 19.50 | NOTE | |
| r-release-macos-arm64 | 0.1.8 | 1.00 | 13.00 | 14.00 | NOTE | |
| r-release-macos-x86_64 | 0.1.8 | 2.00 | 30.00 | 32.00 | NOTE | |
| r-release-windows-x86_64 | 0.1.8 | 3.00 | 6074.00 | 6077.00 | NOTE | |
| r-oldrel-macos-arm64 | 0.1.8 | 1.00 | 13.00 | 14.00 | NOTE | |
| r-oldrel-macos-x86_64 | 0.1.8 | 2.00 | 26.00 | 28.00 | NOTE | |
| r-oldrel-windows-x86_64 | 0.1.8 | 3.00 | 44.00 | 47.00 | NOTE |
Version: 0.1.8
Check: package subdirectories
Result: NOTE
Problems with news in ‘NEWS.md’:
No news entries found.
Flavors: r-devel-linux-x86_64-debian-clang, r-devel-linux-x86_64-debian-gcc, r-devel-linux-x86_64-fedora-clang, r-devel-linux-x86_64-fedora-gcc, r-devel-windows-x86_64, r-patched-linux-x86_64, r-release-linux-x86_64, r-release-macos-arm64, r-release-macos-x86_64, r-release-windows-x86_64, r-oldrel-macos-arm64, r-oldrel-macos-x86_64, r-oldrel-windows-x86_64
Version: 0.1.8
Check: LazyData
Result: NOTE
'LazyData' is specified without a 'data' directory
Flavors: r-oldrel-macos-arm64, r-oldrel-macos-x86_64, r-oldrel-windows-x86_64