Last updated on 2025-10-24 04:51:16 CEST.
| Flavor | Version | Tinstall | Tcheck | Ttotal | Status | Flags |
|---|---|---|---|---|---|---|
| r-devel-linux-x86_64-debian-clang | 0.1.0 | 29.38 | 241.84 | 271.22 | OK | |
| r-devel-linux-x86_64-debian-gcc | 0.1.0 | 19.24 | 152.14 | 171.38 | OK | |
| r-devel-linux-x86_64-fedora-clang | 0.1.0 | 71.00 | 361.95 | 432.95 | OK | |
| r-devel-linux-x86_64-fedora-gcc | 0.1.0 | 63.00 | 349.86 | 412.86 | OK | |
| r-devel-windows-x86_64 | 0.1.0 | 26.00 | 183.00 | 209.00 | OK | |
| r-patched-linux-x86_64 | 0.1.0 | 26.44 | 229.43 | 255.87 | OK | |
| r-release-linux-x86_64 | 0.1.0 | 27.25 | 227.56 | 254.81 | OK | |
| r-release-macos-arm64 | 0.1.0 | 12.00 | 84.00 | 96.00 | OK | |
| r-release-macos-x86_64 | 0.1.0 | 27.00 | 179.00 | 206.00 | OK | |
| r-release-windows-x86_64 | 0.1.0 | 26.00 | 187.00 | 213.00 | OK | |
| r-oldrel-macos-arm64 | 0.1.0 | 10.00 | 71.00 | 81.00 | NOTE | |
| r-oldrel-macos-x86_64 | 0.1.0 | 17.00 | 120.00 | 137.00 | NOTE | |
| r-oldrel-windows-x86_64 | 0.1.0 | 37.00 | 261.00 | 298.00 | NOTE |
Version: 0.1.0
Check: LazyData
Result: NOTE
'LazyData' is specified without a 'data' directory
Flavors: r-oldrel-macos-arm64, r-oldrel-macos-x86_64, r-oldrel-windows-x86_64