Last updated on 2025-10-22 05:51:32 CEST.
Flavor | Version | Tinstall | Tcheck | Ttotal | Status | Flags |
---|---|---|---|---|---|---|
r-devel-linux-x86_64-debian-clang | 1.1.4 | 24.38 | 351.22 | 375.60 | NOTE | |
r-devel-linux-x86_64-debian-gcc | 1.1.4 | 19.27 | 237.30 | 256.57 | NOTE | |
r-devel-linux-x86_64-fedora-clang | 1.1.4 | 59.00 | 535.58 | 594.58 | OK | |
r-devel-linux-x86_64-fedora-gcc | 1.1.4 | 50.00 | 521.90 | 571.90 | OK | |
r-devel-windows-x86_64 | 1.1.4 | 26.00 | 314.00 | 340.00 | OK | |
r-patched-linux-x86_64 | 1.1.4 | 26.04 | 330.32 | 356.36 | OK | |
r-release-linux-x86_64 | 1.1.4 | 23.32 | 331.02 | 354.34 | OK | |
r-release-macos-arm64 | 1.1.4 | 10.00 | 133.00 | 143.00 | OK | |
r-release-macos-x86_64 | 1.1.4 | 18.00 | 264.00 | 282.00 | OK | |
r-release-windows-x86_64 | 1.1.4 | 23.00 | 319.00 | 342.00 | OK | |
r-oldrel-macos-arm64 | 1.1.4 | 10.00 | 134.00 | 144.00 | NOTE | |
r-oldrel-macos-x86_64 | 1.1.4 | 14.00 | 199.00 | 213.00 | NOTE | |
r-oldrel-windows-x86_64 | 1.1.4 | 35.00 | 428.00 | 463.00 | NOTE |
Version: 1.1.4
Check: HTML version of manual
Result: NOTE
Found the following HTML validation problems:
fill_grd.html:54:1 (fill_grd.Rd:14): Warning: missing </ul> before </div>
Flavors: r-devel-linux-x86_64-debian-clang, r-devel-linux-x86_64-debian-gcc
Version: 1.1.4
Check: installed package size
Result: NOTE
installed size is 5.4Mb
sub-directories of 1Mb or more:
doc 4.3Mb
Flavors: r-oldrel-macos-arm64, r-oldrel-macos-x86_64, r-oldrel-windows-x86_64